{"version":"1.0","provider_name":"L&#039;Institut International pour La Justice et l&#039;Etat de Droit","provider_url":"https:\/\/theiij.org\/fr\/","title":"Julien Domergue - L&#039;Institut International pour La Justice et l&#039;Etat de Droit","type":"rich","width":600,"height":338,"html":"<blockquote class=\"wp-embedded-content\" data-secret=\"Wvvr6KMVKh\"><a href=\"https:\/\/theiij.org\/fr\/member\/julien-domergue\/\">Julien Domergue<\/a><\/blockquote><iframe sandbox=\"allow-scripts\" security=\"restricted\" src=\"https:\/\/theiij.org\/fr\/member\/julien-domergue\/embed\/#?secret=Wvvr6KMVKh\" width=\"600\" height=\"338\" title=\"\u00ab\u00a0Julien Domergue\u00a0\u00bb &#8212; L&#039;Institut International pour La Justice et l&#039;Etat de Droit\" data-secret=\"Wvvr6KMVKh\" frameborder=\"0\" marginwidth=\"0\" marginheight=\"0\" scrolling=\"no\" class=\"wp-embedded-content\"><\/iframe><script>\n\/*! This file is auto-generated *\/\n!function(d,l){\"use strict\";l.querySelector&&d.addEventListener&&\"undefined\"!=typeof URL&&(d.wp=d.wp||{},d.wp.receiveEmbedMessage||(d.wp.receiveEmbedMessage=function(e){var t=e.data;if((t||t.secret||t.message||t.value)&&!\/[^a-zA-Z0-9]\/.test(t.secret)){for(var s,r,n,a=l.querySelectorAll('iframe[data-secret=\"'+t.secret+'\"]'),o=l.querySelectorAll('blockquote[data-secret=\"'+t.secret+'\"]'),c=new RegExp(\"^https?:$\",\"i\"),i=0;i<o.length;i++)o[i].style.display=\"none\";for(i=0;i<a.length;i++)s=a[i],e.source===s.contentWindow&&(s.removeAttribute(\"style\"),\"height\"===t.message?(1e3<(r=parseInt(t.value,10))?r=1e3:~~r<200&&(r=200),s.height=r):\"link\"===t.message&&(r=new URL(s.getAttribute(\"src\")),n=new URL(t.value),c.test(n.protocol))&&n.host===r.host&&l.activeElement===s&&(d.top.location.href=t.value))}},d.addEventListener(\"message\",d.wp.receiveEmbedMessage,!1),l.addEventListener(\"DOMContentLoaded\",function(){for(var e,t,s=l.querySelectorAll(\"iframe.wp-embedded-content\"),r=0;r<s.length;r++)(t=(e=s[r]).getAttribute(\"data-secret\"))||(t=Math.random().toString(36).substring(2,12),e.src+=\"#?secret=\"+t,e.setAttribute(\"data-secret\",t)),e.contentWindow.postMessage({message:\"ready\",secret:t},\"*\")},!1)))}(window,document);\n\/\/# sourceURL=https:\/\/theiij.org\/wp-includes\/js\/wp-embed.min.js\n<\/script>\n","thumbnail_url":"https:\/\/theiij.org\/wp-content\/uploads\/2024\/09\/DSC01142-2-scaled.jpg","thumbnail_width":2142,"thumbnail_height":2560,"description":"Julien\u00a0a rejoint l\u2019IIJ en tant que charg\u00e9 de programme en 2024. Avant de rejoindre l\u2019IIJ,\u00a0Julien\u00a0a travaill\u00e9 pour Hedayah o\u00f9 il supervisait la mise en place de programmes de renforcement des capacit\u00e9s portant sur la pr\u00e9vention de..."}

Julien a rejoint l’IIJ en tant que chargé de programme en 2024. Avant de rejoindre l’IIJ, Julien a travaillé pour Hedayah où il supervisait la mise en place de programmes de renforcement des capacités portant sur la prévention de...
