{"id":6608,"date":"2021-08-13T17:48:09","date_gmt":"2021-08-13T17:48:09","guid":{"rendered":"https:\/\/iij.fifthtribe.com\/member\/gabriel-monterrosa\/"},"modified":"2021-11-07T15:03:22","modified_gmt":"2021-11-07T15:03:22","slug":"gabriel-monterrosa","status":"publish","type":"member","link":"https:\/\/theiij.org\/fr\/member\/gabriel-monterrosa\/","title":{"rendered":"Gabriel Monterrosa"},"content":{"rendered":"\n<p>Gabriel a rejoint l&rsquo;\u00e9quipe de l&rsquo;IIJ en 2017 en tant que stagiaire, puis assistant de programme, et maintenant responsable de programme junior. Il a g\u00e9r\u00e9 des programmes dans le cadre de l&rsquo;initiative d&rsquo;enqu\u00eate de l&rsquo;IIJ, ax\u00e9e sur le d\u00e9veloppement de strat\u00e9gies d&rsquo;enqu\u00eate en mati\u00e8re de contre-terrorisme et sur la coop\u00e9ration inter-agences, et dans le cadre de l&rsquo;initiative de l\u2019IIJ relative au retour des CTE ax\u00e9e sur le retour des combattants terroristes \u00e9trangers et de leurs familles. Il a notamment occup\u00e9 des postes temporaires au sein de la section politique et \u00e9conomique et du bureau de la s\u00e9curit\u00e9 r\u00e9gionale de l&rsquo;ambassade des \u00c9tats-Unis \u00e0 Lisbonne. Il a \u00e9galement suivi une formation de conseiller en soutien aux victimes aupr\u00e8s de l&rsquo;Association portugaise de soutien aux victimes (APAV). Gabriel est titulaire d&rsquo;une ma\u00eetrise en r\u00e9solution des conflits et en s\u00e9curit\u00e9 m\u00e9diterran\u00e9enne de l&rsquo;Universit\u00e9 de Malte et d&rsquo;une ma\u00eetrise en analyse et r\u00e9solution des conflits de l&rsquo;Universit\u00e9 George Mason.<\/p>\n","protected":false},"featured_media":1639,"template":"","members_group":[],"country":[],"members_category":[],"class_list":["post-6608","member","type-member","status-publish","has-post-thumbnail","hentry"],"acf":[],"yoast_head":"<!-- This site is optimized with the Yoast SEO plugin v26.5 - https:\/\/yoast.com\/wordpress\/plugins\/seo\/ -->\n<title>Gabriel Monterrosa - L&#039;Institut International pour La Justice et l&#039;Etat de Droit<\/title>\n<meta name=\"robots\" content=\"index, follow, max-snippet:-1, max-image-preview:large, max-video-preview:-1\" \/>\n<link rel=\"canonical\" href=\"https:\/\/cms.soundme.app\/fr\/member\/gabriel-monterrosa\/\" \/>\n<meta property=\"og:locale\" content=\"fr_FR\" \/>\n<meta property=\"og:type\" content=\"article\" \/>\n<meta property=\"og:title\" content=\"Gabriel Monterrosa - L&#039;Institut International pour La Justice et l&#039;Etat de Droit\" \/>\n<meta property=\"og:description\" content=\"Gabriel a rejoint l&rsquo;\u00e9quipe de l&rsquo;IIJ en 2017 en tant que stagiaire, puis assistant de programme, et maintenant responsable de programme junior. Il a g\u00e9r\u00e9 des programmes dans le cadre de l&rsquo;initiative d&rsquo;enqu\u00eate de l&rsquo;IIJ, ax\u00e9e...\" \/>\n<meta property=\"og:url\" content=\"https:\/\/cms.soundme.app\/fr\/member\/gabriel-monterrosa\/\" \/>\n<meta property=\"og:site_name\" content=\"L&#039;Institut International pour La Justice et l&#039;Etat de Droit\" \/>\n<meta property=\"article:modified_time\" content=\"2021-11-07T15:03:22+00:00\" \/>\n<meta property=\"og:image\" content=\"https:\/\/cms.soundme.app\/wp-content\/uploads\/2021\/08\/Gabriel-Monterrosa-1-scaled.jpg\" \/>\n\t<meta property=\"og:image:width\" content=\"2512\" \/>\n\t<meta property=\"og:image:height\" content=\"2560\" \/>\n\t<meta property=\"og:image:type\" content=\"image\/jpeg\" \/>\n<meta name=\"twitter:card\" content=\"summary_large_image\" \/>\n<meta name=\"twitter:label1\" content=\"Dur\u00e9e de lecture estim\u00e9e\" \/>\n\t<meta name=\"twitter:data1\" content=\"1 minute\" \/>\n<script type=\"application\/ld+json\" class=\"yoast-schema-graph\">{\"@context\":\"https:\/\/schema.org\",\"@graph\":[{\"@type\":\"WebPage\",\"@id\":\"https:\/\/cms.soundme.app\/fr\/member\/gabriel-monterrosa\/\",\"url\":\"https:\/\/cms.soundme.app\/fr\/member\/gabriel-monterrosa\/\",\"name\":\"Gabriel Monterrosa - L&#039;Institut International pour La Justice et l&#039;Etat de Droit\",\"isPartOf\":{\"@id\":\"https:\/\/cms.soundme.app\/#website\"},\"primaryImageOfPage\":{\"@id\":\"https:\/\/cms.soundme.app\/fr\/member\/gabriel-monterrosa\/#primaryimage\"},\"image\":{\"@id\":\"https:\/\/cms.soundme.app\/fr\/member\/gabriel-monterrosa\/#primaryimage\"},\"thumbnailUrl\":\"https:\/\/theiij.org\/wp-content\/uploads\/2021\/08\/Gabriel-Monterrosa-1-scaled.jpg\",\"datePublished\":\"2021-08-13T17:48:09+00:00\",\"dateModified\":\"2021-11-07T15:03:22+00:00\",\"breadcrumb\":{\"@id\":\"https:\/\/cms.soundme.app\/fr\/member\/gabriel-monterrosa\/#breadcrumb\"},\"inLanguage\":\"fr-FR\",\"potentialAction\":[{\"@type\":\"ReadAction\",\"target\":[\"https:\/\/cms.soundme.app\/fr\/member\/gabriel-monterrosa\/\"]}]},{\"@type\":\"ImageObject\",\"inLanguage\":\"fr-FR\",\"@id\":\"https:\/\/cms.soundme.app\/fr\/member\/gabriel-monterrosa\/#primaryimage\",\"url\":\"https:\/\/theiij.org\/wp-content\/uploads\/2021\/08\/Gabriel-Monterrosa-1-scaled.jpg\",\"contentUrl\":\"https:\/\/theiij.org\/wp-content\/uploads\/2021\/08\/Gabriel-Monterrosa-1-scaled.jpg\",\"width\":2512,\"height\":2560},{\"@type\":\"BreadcrumbList\",\"@id\":\"https:\/\/cms.soundme.app\/fr\/member\/gabriel-monterrosa\/#breadcrumb\",\"itemListElement\":[{\"@type\":\"ListItem\",\"position\":1,\"name\":\"Home\",\"item\":\"https:\/\/theiij.org\/fr\/\"},{\"@type\":\"ListItem\",\"position\":2,\"name\":\"Gabriel Monterrosa\"}]},{\"@type\":\"WebSite\",\"@id\":\"https:\/\/cms.soundme.app\/#website\",\"url\":\"https:\/\/cms.soundme.app\/\",\"name\":\"The International Institute for Justice and the Rule of Law\",\"description\":\"Building the Capacity of Criminal Justice Practitioners\",\"publisher\":{\"@id\":\"https:\/\/cms.soundme.app\/#organization\"},\"potentialAction\":[{\"@type\":\"SearchAction\",\"target\":{\"@type\":\"EntryPoint\",\"urlTemplate\":\"https:\/\/cms.soundme.app\/?s={search_term_string}\"},\"query-input\":{\"@type\":\"PropertyValueSpecification\",\"valueRequired\":true,\"valueName\":\"search_term_string\"}}],\"inLanguage\":\"fr-FR\"},{\"@type\":\"Organization\",\"@id\":\"https:\/\/cms.soundme.app\/#organization\",\"name\":\"The International Institute for Justice and the Rule of Law\",\"url\":\"https:\/\/cms.soundme.app\/\",\"logo\":{\"@type\":\"ImageObject\",\"inLanguage\":\"fr-FR\",\"@id\":\"https:\/\/cms.soundme.app\/#\/schema\/logo\/image\/\",\"url\":\"https:\/\/theiij.org\/wp-content\/uploads\/2024\/06\/IIJ-Logo.svg\",\"contentUrl\":\"https:\/\/theiij.org\/wp-content\/uploads\/2024\/06\/IIJ-Logo.svg\",\"caption\":\"The International Institute for Justice and the Rule of Law\"},\"image\":{\"@id\":\"https:\/\/cms.soundme.app\/#\/schema\/logo\/image\/\"}}]}<\/script>\n<!-- \/ Yoast SEO plugin. -->","yoast_head_json":{"title":"Gabriel Monterrosa - L&#039;Institut International pour La Justice et l&#039;Etat de Droit","robots":{"index":"index","follow":"follow","max-snippet":"max-snippet:-1","max-image-preview":"max-image-preview:large","max-video-preview":"max-video-preview:-1"},"canonical":"https:\/\/cms.soundme.app\/fr\/member\/gabriel-monterrosa\/","og_locale":"fr_FR","og_type":"article","og_title":"Gabriel Monterrosa - L&#039;Institut International pour La Justice et l&#039;Etat de Droit","og_description":"Gabriel a rejoint l&rsquo;\u00e9quipe de l&rsquo;IIJ en 2017 en tant que stagiaire, puis assistant de programme, et maintenant responsable de programme junior. Il a g\u00e9r\u00e9 des programmes dans le cadre de l&rsquo;initiative d&rsquo;enqu\u00eate de l&rsquo;IIJ, ax\u00e9e...","og_url":"https:\/\/cms.soundme.app\/fr\/member\/gabriel-monterrosa\/","og_site_name":"L&#039;Institut International pour La Justice et l&#039;Etat de Droit","article_modified_time":"2021-11-07T15:03:22+00:00","og_image":[{"width":2512,"height":2560,"url":"https:\/\/cms.soundme.app\/wp-content\/uploads\/2021\/08\/Gabriel-Monterrosa-1-scaled.jpg","type":"image\/jpeg"}],"twitter_card":"summary_large_image","twitter_misc":{"Dur\u00e9e de lecture estim\u00e9e":"1 minute"},"schema":{"@context":"https:\/\/schema.org","@graph":[{"@type":"WebPage","@id":"https:\/\/cms.soundme.app\/fr\/member\/gabriel-monterrosa\/","url":"https:\/\/cms.soundme.app\/fr\/member\/gabriel-monterrosa\/","name":"Gabriel Monterrosa - L&#039;Institut International pour La Justice et l&#039;Etat de Droit","isPartOf":{"@id":"https:\/\/cms.soundme.app\/#website"},"primaryImageOfPage":{"@id":"https:\/\/cms.soundme.app\/fr\/member\/gabriel-monterrosa\/#primaryimage"},"image":{"@id":"https:\/\/cms.soundme.app\/fr\/member\/gabriel-monterrosa\/#primaryimage"},"thumbnailUrl":"https:\/\/theiij.org\/wp-content\/uploads\/2021\/08\/Gabriel-Monterrosa-1-scaled.jpg","datePublished":"2021-08-13T17:48:09+00:00","dateModified":"2021-11-07T15:03:22+00:00","breadcrumb":{"@id":"https:\/\/cms.soundme.app\/fr\/member\/gabriel-monterrosa\/#breadcrumb"},"inLanguage":"fr-FR","potentialAction":[{"@type":"ReadAction","target":["https:\/\/cms.soundme.app\/fr\/member\/gabriel-monterrosa\/"]}]},{"@type":"ImageObject","inLanguage":"fr-FR","@id":"https:\/\/cms.soundme.app\/fr\/member\/gabriel-monterrosa\/#primaryimage","url":"https:\/\/theiij.org\/wp-content\/uploads\/2021\/08\/Gabriel-Monterrosa-1-scaled.jpg","contentUrl":"https:\/\/theiij.org\/wp-content\/uploads\/2021\/08\/Gabriel-Monterrosa-1-scaled.jpg","width":2512,"height":2560},{"@type":"BreadcrumbList","@id":"https:\/\/cms.soundme.app\/fr\/member\/gabriel-monterrosa\/#breadcrumb","itemListElement":[{"@type":"ListItem","position":1,"name":"Home","item":"https:\/\/theiij.org\/fr\/"},{"@type":"ListItem","position":2,"name":"Gabriel Monterrosa"}]},{"@type":"WebSite","@id":"https:\/\/cms.soundme.app\/#website","url":"https:\/\/cms.soundme.app\/","name":"The International Institute for Justice and the Rule of Law","description":"Building the Capacity of Criminal Justice Practitioners","publisher":{"@id":"https:\/\/cms.soundme.app\/#organization"},"potentialAction":[{"@type":"SearchAction","target":{"@type":"EntryPoint","urlTemplate":"https:\/\/cms.soundme.app\/?s={search_term_string}"},"query-input":{"@type":"PropertyValueSpecification","valueRequired":true,"valueName":"search_term_string"}}],"inLanguage":"fr-FR"},{"@type":"Organization","@id":"https:\/\/cms.soundme.app\/#organization","name":"The International Institute for Justice and the Rule of Law","url":"https:\/\/cms.soundme.app\/","logo":{"@type":"ImageObject","inLanguage":"fr-FR","@id":"https:\/\/cms.soundme.app\/#\/schema\/logo\/image\/","url":"https:\/\/theiij.org\/wp-content\/uploads\/2024\/06\/IIJ-Logo.svg","contentUrl":"https:\/\/theiij.org\/wp-content\/uploads\/2024\/06\/IIJ-Logo.svg","caption":"The International Institute for Justice and the Rule of Law"},"image":{"@id":"https:\/\/cms.soundme.app\/#\/schema\/logo\/image\/"}}]}},"_links":{"self":[{"href":"https:\/\/theiij.org\/fr\/wp-json\/wp\/v2\/member\/6608","targetHints":{"allow":["GET"]}}],"collection":[{"href":"https:\/\/theiij.org\/fr\/wp-json\/wp\/v2\/member"}],"about":[{"href":"https:\/\/theiij.org\/fr\/wp-json\/wp\/v2\/types\/member"}],"wp:featuredmedia":[{"embeddable":true,"href":"https:\/\/theiij.org\/fr\/wp-json\/wp\/v2\/media\/1639"}],"wp:attachment":[{"href":"https:\/\/theiij.org\/fr\/wp-json\/wp\/v2\/media?parent=6608"}],"wp:term":[{"taxonomy":"members_group","embeddable":true,"href":"https:\/\/theiij.org\/fr\/wp-json\/wp\/v2\/members_group?post=6608"},{"taxonomy":"country","embeddable":true,"href":"https:\/\/theiij.org\/fr\/wp-json\/wp\/v2\/country?post=6608"},{"taxonomy":"members_category","embeddable":true,"href":"https:\/\/theiij.org\/fr\/wp-json\/wp\/v2\/members_category?post=6608"}],"curies":[{"name":"wp","href":"https:\/\/api.w.org\/{rel}","templated":true}]}}

<p>Gabriel a rejoint l&rsquo;équipe de l&rsquo;IIJ en 2017 en tant que stagiaire, puis assistant de programme, et maintenant responsable de programme junior. Il a géré des programmes dans le cadre de l&rsquo;initiative d&rsquo;enquête de l&rsquo;IIJ, axée sur le développement de stratégies d&rsquo;enquête en matière de contre-terrorisme et sur la coopération inter-agences, et dans le cadre de l&rsquo;initiative de l’IIJ relative au retour des CTE axée sur le retour des combattants terroristes étrangers et de leurs familles. Il a notamment occupé des postes temporaires au sein de la section politique et économique et du bureau de la sécurité régionale de l&rsquo;ambassade des États-Unis à Lisbonne. Il a également suivi une formation de conseiller en soutien aux victimes auprès de l&rsquo;Association portugaise de soutien aux victimes (APAV). Gabriel est titulaire d&rsquo;une maîtrise en résolution des conflits et en sécurité méditerranéenne de l&rsquo;Université de Malte et d&rsquo;une maîtrise en analyse et résolution des conflits de l&rsquo;Université George Mason.</p>

<!-- This site is optimized with the Yoast SEO plugin v26.5 - https://yoast.com/wordpress/plugins/seo/ -->
<title>Gabriel Monterrosa - L&#039;Institut International pour La Justice et l&#039;Etat de Droit</title>
<meta name="robots" content="index, follow, max-snippet:-1, max-image-preview:large, max-video-preview:-1" />
<link rel="canonical" href="https://cms.soundme.app/fr/member/gabriel-monterrosa/" />
<meta property="og:locale" content="fr_FR" />
<meta property="og:type" content="article" />
<meta property="og:title" content="Gabriel Monterrosa - L&#039;Institut International pour La Justice et l&#039;Etat de Droit" />
<meta property="og:description" content="Gabriel a rejoint l&rsquo;équipe de l&rsquo;IIJ en 2017 en tant que stagiaire, puis assistant de programme, et maintenant responsable de programme junior. Il a géré des programmes dans le cadre de l&rsquo;initiative d&rsquo;enquête de l&rsquo;IIJ, axée..." />
<meta property="og:url" content="https://cms.soundme.app/fr/member/gabriel-monterrosa/" />
<meta property="og:site_name" content="L&#039;Institut International pour La Justice et l&#039;Etat de Droit" />
<meta property="article:modified_time" content="2021-11-07T15:03:22+00:00" />
<meta property="og:image" content="https://cms.soundme.app/wp-content/uploads/2021/08/Gabriel-Monterrosa-1-scaled.jpg" />
	<meta property="og:image:width" content="2512" />
	<meta property="og:image:height" content="2560" />
	<meta property="og:image:type" content="image/jpeg" />
<meta name="twitter:card" content="summary_large_image" />
<meta name="twitter:label1" content="Durée de lecture estimée" />
	<meta name="twitter:data1" content="1 minute" />
<script type="application/ld+json" class="yoast-schema-graph">{"@context":"https://schema.org","@graph":[{"@type":"WebPage","@id":"https://cms.soundme.app/fr/member/gabriel-monterrosa/","url":"https://cms.soundme.app/fr/member/gabriel-monterrosa/","name":"Gabriel Monterrosa - L&#039;Institut International pour La Justice et l&#039;Etat de Droit","isPartOf":{"@id":"https://cms.soundme.app/#website"},"primaryImageOfPage":{"@id":"https://cms.soundme.app/fr/member/gabriel-monterrosa/#primaryimage"},"image":{"@id":"https://cms.soundme.app/fr/member/gabriel-monterrosa/#primaryimage"},"thumbnailUrl":"https://theiij.org/wp-content/uploads/2021/08/Gabriel-Monterrosa-1-scaled.jpg","datePublished":"2021-08-13T17:48:09+00:00","dateModified":"2021-11-07T15:03:22+00:00","breadcrumb":{"@id":"https://cms.soundme.app/fr/member/gabriel-monterrosa/#breadcrumb"},"inLanguage":"fr-FR","potentialAction":[{"@type":"ReadAction","target":["https://cms.soundme.app/fr/member/gabriel-monterrosa/"]}]},{"@type":"ImageObject","inLanguage":"fr-FR","@id":"https://cms.soundme.app/fr/member/gabriel-monterrosa/#primaryimage","url":"https://theiij.org/wp-content/uploads/2021/08/Gabriel-Monterrosa-1-scaled.jpg","contentUrl":"https://theiij.org/wp-content/uploads/2021/08/Gabriel-Monterrosa-1-scaled.jpg","width":2512,"height":2560},{"@type":"BreadcrumbList","@id":"https://cms.soundme.app/fr/member/gabriel-monterrosa/#breadcrumb","itemListElement":[{"@type":"ListItem","position":1,"name":"Home","item":"https://theiij.org/fr/"},{"@type":"ListItem","position":2,"name":"Gabriel Monterrosa"}]},{"@type":"WebSite","@id":"https://cms.soundme.app/#website","url":"https://cms.soundme.app/","name":"The International Institute for Justice and the Rule of Law","description":"Building the Capacity of Criminal Justice Practitioners","publisher":{"@id":"https://cms.soundme.app/#organization"},"potentialAction":[{"@type":"SearchAction","target":{"@type":"EntryPoint","urlTemplate":"https://cms.soundme.app/?s={search_term_string}"},"query-input":{"@type":"PropertyValueSpecification","valueRequired":true,"valueName":"search_term_string"}}],"inLanguage":"fr-FR"},{"@type":"Organization","@id":"https://cms.soundme.app/#organization","name":"The International Institute for Justice and the Rule of Law","url":"https://cms.soundme.app/","logo":{"@type":"ImageObject","inLanguage":"fr-FR","@id":"https://cms.soundme.app/#/schema/logo/image/","url":"https://theiij.org/wp-content/uploads/2024/06/IIJ-Logo.svg","contentUrl":"https://theiij.org/wp-content/uploads/2024/06/IIJ-Logo.svg","caption":"The International Institute for Justice and the Rule of Law"},"image":{"@id":"https://cms.soundme.app/#/schema/logo/image/"}}]}</script>
<!-- / Yoast SEO plugin. -->

Gabriel a rejoint l&rsquo;équipe de l&rsquo;IIJ en 2017 en tant que stagiaire, puis assistant de programme, et maintenant responsable de programme junior. Il a géré des programmes dans le cadre de l&rsquo;initiative d&rsquo;enquête de l&rsquo;IIJ, axée...
