{"id":6203,"date":"2021-09-24T11:17:45","date_gmt":"2021-09-24T11:17:45","guid":{"rendered":"https:\/\/iij.fifthtribe.com\/investigations-initiative\/"},"modified":"2026-03-11T10:51:14","modified_gmt":"2026-03-11T09:51:14","slug":"investigations-initiative","status":"publish","type":"page","link":"https:\/\/theiij.org\/fr\/investigations-initiative\/","title":{"rendered":"Initiative sur les enqu\u00eates"},"content":{"rendered":"\n<p>L\u2019initiative portant sur les enqu\u00eates renforce la capacit\u00e9des enqu\u00eateurs et des praticiens de l\u2019application de la loi \u00e0recueillir et \u00e0d\u00e9velopper des renseignements et des preuves dans les domaines physique et num\u00e9rique \/ cyber contre les menaces terroristes actuelles et potentielles. The Initiative supports implementation and operationalisation of the GCTF&rsquo;s Recommendations for Using and Protecting Intelligence Information In Rule of Law-Based, Criminal Justice Sector-Led Investigations and Prosecutions, and other good practices and frameworks.<\/p>\n","protected":false},"excerpt":{"rendered":"<p>L\u2019initiative portant sur les enqu\u00eates renforce la capacit\u00e9des enqu\u00eateurs et des praticiens de l\u2019application de la loi \u00e0recueillir et \u00e0d\u00e9velopper des renseignements et des preuves dans les domaines physique et num\u00e9rique \/ cyber contre les menaces&#8230;<\/p>\n","protected":false},"author":184,"featured_media":0,"parent":0,"menu_order":0,"comment_status":"closed","ping_status":"closed","template":"templates\/page-builder.php","meta":{"_acf_changed":false,"footnotes":""},"class_list":["post-6203","page","type-page","status-publish","hentry"],"acf":[],"yoast_head":"<!-- This site is optimized with the Yoast SEO plugin v26.5 - https:\/\/yoast.com\/wordpress\/plugins\/seo\/ -->\n<title>Initiative sur les enqu\u00eates - L&#039;Institut International pour La Justice et l&#039;Etat de Droit<\/title>\n<meta name=\"robots\" content=\"index, follow, max-snippet:-1, max-image-preview:large, max-video-preview:-1\" \/>\n<link rel=\"canonical\" href=\"https:\/\/theiij.org\/fr\/investigations-initiative\/\" \/>\n<meta property=\"og:locale\" content=\"fr_FR\" \/>\n<meta property=\"og:type\" content=\"article\" \/>\n<meta property=\"og:title\" content=\"Initiative sur les enqu\u00eates - L&#039;Institut International pour La Justice et l&#039;Etat de Droit\" \/>\n<meta property=\"og:description\" content=\"L\u2019initiative portant sur les enqu\u00eates renforce la capacit\u00e9des enqu\u00eateurs et des praticiens de l\u2019application de la loi \u00e0recueillir et \u00e0d\u00e9velopper des renseignements et des preuves dans les domaines physique et num\u00e9rique \/ cyber contre les menaces...\" \/>\n<meta property=\"og:url\" content=\"https:\/\/theiij.org\/fr\/investigations-initiative\/\" \/>\n<meta property=\"og:site_name\" content=\"L&#039;Institut International pour La Justice et l&#039;Etat de Droit\" \/>\n<meta property=\"article:modified_time\" content=\"2026-03-11T09:51:14+00:00\" \/>\n<meta name=\"twitter:card\" content=\"summary_large_image\" \/>\n<meta name=\"twitter:label1\" content=\"Dur\u00e9e de lecture estim\u00e9e\" \/>\n\t<meta name=\"twitter:data1\" content=\"1 minute\" \/>\n<script type=\"application\/ld+json\" class=\"yoast-schema-graph\">{\"@context\":\"https:\/\/schema.org\",\"@graph\":[{\"@type\":\"WebPage\",\"@id\":\"https:\/\/theiij.org\/fr\/investigations-initiative\/\",\"url\":\"https:\/\/theiij.org\/fr\/investigations-initiative\/\",\"name\":\"Initiative sur les enqu\u00eates - L&#039;Institut International pour La Justice et l&#039;Etat de Droit\",\"isPartOf\":{\"@id\":\"https:\/\/cms.soundme.app\/#website\"},\"datePublished\":\"2021-09-24T11:17:45+00:00\",\"dateModified\":\"2026-03-11T09:51:14+00:00\",\"breadcrumb\":{\"@id\":\"https:\/\/theiij.org\/fr\/investigations-initiative\/#breadcrumb\"},\"inLanguage\":\"fr-FR\",\"potentialAction\":[{\"@type\":\"ReadAction\",\"target\":[\"https:\/\/theiij.org\/fr\/investigations-initiative\/\"]}]},{\"@type\":\"BreadcrumbList\",\"@id\":\"https:\/\/theiij.org\/fr\/investigations-initiative\/#breadcrumb\",\"itemListElement\":[{\"@type\":\"ListItem\",\"position\":1,\"name\":\"Home\",\"item\":\"https:\/\/theiij.org\/fr\/\"},{\"@type\":\"ListItem\",\"position\":2,\"name\":\"Initiative sur les enqu\u00eates\"}]},{\"@type\":\"WebSite\",\"@id\":\"https:\/\/cms.soundme.app\/#website\",\"url\":\"https:\/\/cms.soundme.app\/\",\"name\":\"The International Institute for Justice and the Rule of Law\",\"description\":\"Building the Capacity of Criminal Justice Practitioners\",\"publisher\":{\"@id\":\"https:\/\/cms.soundme.app\/#organization\"},\"potentialAction\":[{\"@type\":\"SearchAction\",\"target\":{\"@type\":\"EntryPoint\",\"urlTemplate\":\"https:\/\/cms.soundme.app\/?s={search_term_string}\"},\"query-input\":{\"@type\":\"PropertyValueSpecification\",\"valueRequired\":true,\"valueName\":\"search_term_string\"}}],\"inLanguage\":\"fr-FR\"},{\"@type\":\"Organization\",\"@id\":\"https:\/\/cms.soundme.app\/#organization\",\"name\":\"The International Institute for Justice and the Rule of Law\",\"url\":\"https:\/\/cms.soundme.app\/\",\"logo\":{\"@type\":\"ImageObject\",\"inLanguage\":\"fr-FR\",\"@id\":\"https:\/\/cms.soundme.app\/#\/schema\/logo\/image\/\",\"url\":\"https:\/\/theiij.org\/wp-content\/uploads\/2024\/06\/IIJ-Logo.svg\",\"contentUrl\":\"https:\/\/theiij.org\/wp-content\/uploads\/2024\/06\/IIJ-Logo.svg\",\"caption\":\"The International Institute for Justice and the Rule of Law\"},\"image\":{\"@id\":\"https:\/\/cms.soundme.app\/#\/schema\/logo\/image\/\"}}]}<\/script>\n<!-- \/ Yoast SEO plugin. -->","yoast_head_json":{"title":"Initiative sur les enqu\u00eates - L&#039;Institut International pour La Justice et l&#039;Etat de Droit","robots":{"index":"index","follow":"follow","max-snippet":"max-snippet:-1","max-image-preview":"max-image-preview:large","max-video-preview":"max-video-preview:-1"},"canonical":"https:\/\/theiij.org\/fr\/investigations-initiative\/","og_locale":"fr_FR","og_type":"article","og_title":"Initiative sur les enqu\u00eates - L&#039;Institut International pour La Justice et l&#039;Etat de Droit","og_description":"L\u2019initiative portant sur les enqu\u00eates renforce la capacit\u00e9des enqu\u00eateurs et des praticiens de l\u2019application de la loi \u00e0recueillir et \u00e0d\u00e9velopper des renseignements et des preuves dans les domaines physique et num\u00e9rique \/ cyber contre les menaces...","og_url":"https:\/\/theiij.org\/fr\/investigations-initiative\/","og_site_name":"L&#039;Institut International pour La Justice et l&#039;Etat de Droit","article_modified_time":"2026-03-11T09:51:14+00:00","twitter_card":"summary_large_image","twitter_misc":{"Dur\u00e9e de lecture estim\u00e9e":"1 minute"},"schema":{"@context":"https:\/\/schema.org","@graph":[{"@type":"WebPage","@id":"https:\/\/theiij.org\/fr\/investigations-initiative\/","url":"https:\/\/theiij.org\/fr\/investigations-initiative\/","name":"Initiative sur les enqu\u00eates - L&#039;Institut International pour La Justice et l&#039;Etat de Droit","isPartOf":{"@id":"https:\/\/cms.soundme.app\/#website"},"datePublished":"2021-09-24T11:17:45+00:00","dateModified":"2026-03-11T09:51:14+00:00","breadcrumb":{"@id":"https:\/\/theiij.org\/fr\/investigations-initiative\/#breadcrumb"},"inLanguage":"fr-FR","potentialAction":[{"@type":"ReadAction","target":["https:\/\/theiij.org\/fr\/investigations-initiative\/"]}]},{"@type":"BreadcrumbList","@id":"https:\/\/theiij.org\/fr\/investigations-initiative\/#breadcrumb","itemListElement":[{"@type":"ListItem","position":1,"name":"Home","item":"https:\/\/theiij.org\/fr\/"},{"@type":"ListItem","position":2,"name":"Initiative sur les enqu\u00eates"}]},{"@type":"WebSite","@id":"https:\/\/cms.soundme.app\/#website","url":"https:\/\/cms.soundme.app\/","name":"The International Institute for Justice and the Rule of Law","description":"Building the Capacity of Criminal Justice Practitioners","publisher":{"@id":"https:\/\/cms.soundme.app\/#organization"},"potentialAction":[{"@type":"SearchAction","target":{"@type":"EntryPoint","urlTemplate":"https:\/\/cms.soundme.app\/?s={search_term_string}"},"query-input":{"@type":"PropertyValueSpecification","valueRequired":true,"valueName":"search_term_string"}}],"inLanguage":"fr-FR"},{"@type":"Organization","@id":"https:\/\/cms.soundme.app\/#organization","name":"The International Institute for Justice and the Rule of Law","url":"https:\/\/cms.soundme.app\/","logo":{"@type":"ImageObject","inLanguage":"fr-FR","@id":"https:\/\/cms.soundme.app\/#\/schema\/logo\/image\/","url":"https:\/\/theiij.org\/wp-content\/uploads\/2024\/06\/IIJ-Logo.svg","contentUrl":"https:\/\/theiij.org\/wp-content\/uploads\/2024\/06\/IIJ-Logo.svg","caption":"The International Institute for Justice and the Rule of Law"},"image":{"@id":"https:\/\/cms.soundme.app\/#\/schema\/logo\/image\/"}}]}},"_links":{"self":[{"href":"https:\/\/theiij.org\/fr\/wp-json\/wp\/v2\/pages\/6203","targetHints":{"allow":["GET"]}}],"collection":[{"href":"https:\/\/theiij.org\/fr\/wp-json\/wp\/v2\/pages"}],"about":[{"href":"https:\/\/theiij.org\/fr\/wp-json\/wp\/v2\/types\/page"}],"author":[{"embeddable":true,"href":"https:\/\/theiij.org\/fr\/wp-json\/wp\/v2\/users\/184"}],"replies":[{"embeddable":true,"href":"https:\/\/theiij.org\/fr\/wp-json\/wp\/v2\/comments?post=6203"}],"version-history":[{"count":2,"href":"https:\/\/theiij.org\/fr\/wp-json\/wp\/v2\/pages\/6203\/revisions"}],"predecessor-version":[{"id":16664,"href":"https:\/\/theiij.org\/fr\/wp-json\/wp\/v2\/pages\/6203\/revisions\/16664"}],"wp:attachment":[{"href":"https:\/\/theiij.org\/fr\/wp-json\/wp\/v2\/media?parent=6203"}],"curies":[{"name":"wp","href":"https:\/\/api.w.org\/{rel}","templated":true}]}}

Initiative sur les enquêtes

<p>L’initiative portant sur les enquêtes renforce la capacitédes enquêteurs et des praticiens de l’application de la loi àrecueillir et àdévelopper des renseignements et des preuves dans les domaines physique et numérique / cyber contre les menaces terroristes actuelles et potentielles. The Initiative supports implementation and operationalisation of the GCTF&rsquo;s Recommendations for Using and Protecting Intelligence Information In Rule of Law-Based, Criminal Justice Sector-Led Investigations and Prosecutions, and other good practices and frameworks.</p>

<p>L’initiative portant sur les enquêtes renforce la capacitédes enquêteurs et des praticiens de l’application de la loi àrecueillir et àdévelopper des renseignements et des preuves dans les domaines physique et numérique / cyber contre les menaces&#8230;</p>

<!-- This site is optimized with the Yoast SEO plugin v26.5 - https://yoast.com/wordpress/plugins/seo/ -->
<title>Initiative sur les enquêtes - L&#039;Institut International pour La Justice et l&#039;Etat de Droit</title>
<meta name="robots" content="index, follow, max-snippet:-1, max-image-preview:large, max-video-preview:-1" />
<link rel="canonical" href="https://theiij.org/fr/investigations-initiative/" />
<meta property="og:locale" content="fr_FR" />
<meta property="og:type" content="article" />
<meta property="og:title" content="Initiative sur les enquêtes - L&#039;Institut International pour La Justice et l&#039;Etat de Droit" />
<meta property="og:description" content="L’initiative portant sur les enquêtes renforce la capacitédes enquêteurs et des praticiens de l’application de la loi àrecueillir et àdévelopper des renseignements et des preuves dans les domaines physique et numérique / cyber contre les menaces..." />
<meta property="og:url" content="https://theiij.org/fr/investigations-initiative/" />
<meta property="og:site_name" content="L&#039;Institut International pour La Justice et l&#039;Etat de Droit" />
<meta property="article:modified_time" content="2026-03-11T09:51:14+00:00" />
<meta name="twitter:card" content="summary_large_image" />
<meta name="twitter:label1" content="Durée de lecture estimée" />
	<meta name="twitter:data1" content="1 minute" />
<script type="application/ld+json" class="yoast-schema-graph">{"@context":"https://schema.org","@graph":[{"@type":"WebPage","@id":"https://theiij.org/fr/investigations-initiative/","url":"https://theiij.org/fr/investigations-initiative/","name":"Initiative sur les enquêtes - L&#039;Institut International pour La Justice et l&#039;Etat de Droit","isPartOf":{"@id":"https://cms.soundme.app/#website"},"datePublished":"2021-09-24T11:17:45+00:00","dateModified":"2026-03-11T09:51:14+00:00","breadcrumb":{"@id":"https://theiij.org/fr/investigations-initiative/#breadcrumb"},"inLanguage":"fr-FR","potentialAction":[{"@type":"ReadAction","target":["https://theiij.org/fr/investigations-initiative/"]}]},{"@type":"BreadcrumbList","@id":"https://theiij.org/fr/investigations-initiative/#breadcrumb","itemListElement":[{"@type":"ListItem","position":1,"name":"Home","item":"https://theiij.org/fr/"},{"@type":"ListItem","position":2,"name":"Initiative sur les enquêtes"}]},{"@type":"WebSite","@id":"https://cms.soundme.app/#website","url":"https://cms.soundme.app/","name":"The International Institute for Justice and the Rule of Law","description":"Building the Capacity of Criminal Justice Practitioners","publisher":{"@id":"https://cms.soundme.app/#organization"},"potentialAction":[{"@type":"SearchAction","target":{"@type":"EntryPoint","urlTemplate":"https://cms.soundme.app/?s={search_term_string}"},"query-input":{"@type":"PropertyValueSpecification","valueRequired":true,"valueName":"search_term_string"}}],"inLanguage":"fr-FR"},{"@type":"Organization","@id":"https://cms.soundme.app/#organization","name":"The International Institute for Justice and the Rule of Law","url":"https://cms.soundme.app/","logo":{"@type":"ImageObject","inLanguage":"fr-FR","@id":"https://cms.soundme.app/#/schema/logo/image/","url":"https://theiij.org/wp-content/uploads/2024/06/IIJ-Logo.svg","contentUrl":"https://theiij.org/wp-content/uploads/2024/06/IIJ-Logo.svg","caption":"The International Institute for Justice and the Rule of Law"},"image":{"@id":"https://cms.soundme.app/#/schema/logo/image/"}}]}</script>
<!-- / Yoast SEO plugin. -->

Initiative sur les enquêtes - L&#039;Institut International pour La Justice et l&#039;Etat de Droit

L’initiative portant sur les enquêtes renforce la capacitédes enquêteurs et des praticiens de l’application de la loi àrecueillir et àdévelopper des renseignements et des preuves dans les domaines physique et numérique / cyber contre les menaces...
