{"id":6205,"date":"2021-09-24T04:32:11","date_gmt":"2021-09-24T04:32:11","guid":{"rendered":"https:\/\/iij.fifthtribe.com\/judicial-capacity-building-initiative\/"},"modified":"2022-11-04T10:22:23","modified_gmt":"2022-11-04T09:22:23","slug":"judicial-capacity-building-initiative","status":"publish","type":"page","link":"https:\/\/theiij.org\/fr\/judicial-capacity-building-initiative\/","title":{"rendered":"Initiative de renforcement des capacit\u00e9s judiciaires"},"content":{"rendered":"\n<p>Les acteurs judiciaires -soit les juges, les magistrats instructeurs, les procureurs et les avocats de la d\u00e9fense -jouent un r\u00f4le primordial dans la conduite de proc\u00e8s \u00e9quitables, notamment en encourageant des poursuites solides, en veillant \u00e0ce que les droits des accus\u00e9s soient prot\u00e9g\u00e9s et en pronon\u00e7ant des verdicts efficaces.<\/p>\n","protected":false},"excerpt":{"rendered":"<p>Les acteurs judiciaires -soit les juges, les magistrats instructeurs, les procureurs et les avocats de la d\u00e9fense -jouent un r\u00f4le primordial dans la conduite de proc\u00e8s \u00e9quitables, notamment en encourageant des poursuites solides, en veillant \u00e0ce&#8230;<\/p>\n","protected":false},"author":184,"featured_media":0,"parent":0,"menu_order":0,"comment_status":"closed","ping_status":"closed","template":"templates\/page-builder.php","meta":{"_acf_changed":false,"footnotes":""},"class_list":["post-6205","page","type-page","status-publish","hentry"],"acf":[],"yoast_head":"<!-- This site is optimized with the Yoast SEO plugin v26.5 - https:\/\/yoast.com\/wordpress\/plugins\/seo\/ -->\n<title>Initiative de renforcement des capacit\u00e9s judiciaires - L&#039;Institut International pour La Justice et l&#039;Etat de Droit<\/title>\n<meta name=\"robots\" content=\"index, follow, max-snippet:-1, max-image-preview:large, max-video-preview:-1\" \/>\n<link rel=\"canonical\" href=\"https:\/\/soundme.app\/fr\/judicial-capacity-building-initiative\/\" \/>\n<meta property=\"og:locale\" content=\"fr_FR\" \/>\n<meta property=\"og:type\" content=\"article\" \/>\n<meta property=\"og:title\" content=\"Initiative de renforcement des capacit\u00e9s judiciaires - L&#039;Institut International pour La Justice et l&#039;Etat de Droit\" \/>\n<meta property=\"og:description\" content=\"Les acteurs judiciaires -soit les juges, les magistrats instructeurs, les procureurs et les avocats de la d\u00e9fense -jouent un r\u00f4le primordial dans la conduite de proc\u00e8s \u00e9quitables, notamment en encourageant des poursuites solides, en veillant \u00e0ce...\" \/>\n<meta property=\"og:url\" content=\"https:\/\/soundme.app\/fr\/judicial-capacity-building-initiative\/\" \/>\n<meta property=\"og:site_name\" content=\"L&#039;Institut International pour La Justice et l&#039;Etat de Droit\" \/>\n<meta property=\"article:modified_time\" content=\"2022-11-04T09:22:23+00:00\" \/>\n<meta name=\"twitter:card\" content=\"summary_large_image\" \/>\n<meta name=\"twitter:label1\" content=\"Dur\u00e9e de lecture estim\u00e9e\" \/>\n\t<meta name=\"twitter:data1\" content=\"1 minute\" \/>\n<script type=\"application\/ld+json\" class=\"yoast-schema-graph\">{\"@context\":\"https:\/\/schema.org\",\"@graph\":[{\"@type\":\"WebPage\",\"@id\":\"https:\/\/soundme.app\/fr\/judicial-capacity-building-initiative\/\",\"url\":\"https:\/\/soundme.app\/fr\/judicial-capacity-building-initiative\/\",\"name\":\"Initiative de renforcement des capacit\u00e9s judiciaires - L&#039;Institut International pour La Justice et l&#039;Etat de Droit\",\"isPartOf\":{\"@id\":\"https:\/\/cms.soundme.app\/#website\"},\"datePublished\":\"2021-09-24T04:32:11+00:00\",\"dateModified\":\"2022-11-04T09:22:23+00:00\",\"breadcrumb\":{\"@id\":\"https:\/\/soundme.app\/fr\/judicial-capacity-building-initiative\/#breadcrumb\"},\"inLanguage\":\"fr-FR\",\"potentialAction\":[{\"@type\":\"ReadAction\",\"target\":[\"https:\/\/soundme.app\/fr\/judicial-capacity-building-initiative\/\"]}]},{\"@type\":\"BreadcrumbList\",\"@id\":\"https:\/\/soundme.app\/fr\/judicial-capacity-building-initiative\/#breadcrumb\",\"itemListElement\":[{\"@type\":\"ListItem\",\"position\":1,\"name\":\"Home\",\"item\":\"https:\/\/theiij.org\/fr\/\"},{\"@type\":\"ListItem\",\"position\":2,\"name\":\"Initiative de renforcement des capacit\u00e9s judiciaires\"}]},{\"@type\":\"WebSite\",\"@id\":\"https:\/\/cms.soundme.app\/#website\",\"url\":\"https:\/\/cms.soundme.app\/\",\"name\":\"The International Institute for Justice and the Rule of Law\",\"description\":\"Building the Capacity of Criminal Justice Practitioners\",\"publisher\":{\"@id\":\"https:\/\/cms.soundme.app\/#organization\"},\"potentialAction\":[{\"@type\":\"SearchAction\",\"target\":{\"@type\":\"EntryPoint\",\"urlTemplate\":\"https:\/\/cms.soundme.app\/?s={search_term_string}\"},\"query-input\":{\"@type\":\"PropertyValueSpecification\",\"valueRequired\":true,\"valueName\":\"search_term_string\"}}],\"inLanguage\":\"fr-FR\"},{\"@type\":\"Organization\",\"@id\":\"https:\/\/cms.soundme.app\/#organization\",\"name\":\"The International Institute for Justice and the Rule of Law\",\"url\":\"https:\/\/cms.soundme.app\/\",\"logo\":{\"@type\":\"ImageObject\",\"inLanguage\":\"fr-FR\",\"@id\":\"https:\/\/cms.soundme.app\/#\/schema\/logo\/image\/\",\"url\":\"https:\/\/theiij.org\/wp-content\/uploads\/2024\/06\/IIJ-Logo.svg\",\"contentUrl\":\"https:\/\/theiij.org\/wp-content\/uploads\/2024\/06\/IIJ-Logo.svg\",\"caption\":\"The International Institute for Justice and the Rule of Law\"},\"image\":{\"@id\":\"https:\/\/cms.soundme.app\/#\/schema\/logo\/image\/\"}}]}<\/script>\n<!-- \/ Yoast SEO plugin. -->","yoast_head_json":{"title":"Initiative de renforcement des capacit\u00e9s judiciaires - L&#039;Institut International pour La Justice et l&#039;Etat de Droit","robots":{"index":"index","follow":"follow","max-snippet":"max-snippet:-1","max-image-preview":"max-image-preview:large","max-video-preview":"max-video-preview:-1"},"canonical":"https:\/\/soundme.app\/fr\/judicial-capacity-building-initiative\/","og_locale":"fr_FR","og_type":"article","og_title":"Initiative de renforcement des capacit\u00e9s judiciaires - L&#039;Institut International pour La Justice et l&#039;Etat de Droit","og_description":"Les acteurs judiciaires -soit les juges, les magistrats instructeurs, les procureurs et les avocats de la d\u00e9fense -jouent un r\u00f4le primordial dans la conduite de proc\u00e8s \u00e9quitables, notamment en encourageant des poursuites solides, en veillant \u00e0ce...","og_url":"https:\/\/soundme.app\/fr\/judicial-capacity-building-initiative\/","og_site_name":"L&#039;Institut International pour La Justice et l&#039;Etat de Droit","article_modified_time":"2022-11-04T09:22:23+00:00","twitter_card":"summary_large_image","twitter_misc":{"Dur\u00e9e de lecture estim\u00e9e":"1 minute"},"schema":{"@context":"https:\/\/schema.org","@graph":[{"@type":"WebPage","@id":"https:\/\/soundme.app\/fr\/judicial-capacity-building-initiative\/","url":"https:\/\/soundme.app\/fr\/judicial-capacity-building-initiative\/","name":"Initiative de renforcement des capacit\u00e9s judiciaires - L&#039;Institut International pour La Justice et l&#039;Etat de Droit","isPartOf":{"@id":"https:\/\/cms.soundme.app\/#website"},"datePublished":"2021-09-24T04:32:11+00:00","dateModified":"2022-11-04T09:22:23+00:00","breadcrumb":{"@id":"https:\/\/soundme.app\/fr\/judicial-capacity-building-initiative\/#breadcrumb"},"inLanguage":"fr-FR","potentialAction":[{"@type":"ReadAction","target":["https:\/\/soundme.app\/fr\/judicial-capacity-building-initiative\/"]}]},{"@type":"BreadcrumbList","@id":"https:\/\/soundme.app\/fr\/judicial-capacity-building-initiative\/#breadcrumb","itemListElement":[{"@type":"ListItem","position":1,"name":"Home","item":"https:\/\/theiij.org\/fr\/"},{"@type":"ListItem","position":2,"name":"Initiative de renforcement des capacit\u00e9s judiciaires"}]},{"@type":"WebSite","@id":"https:\/\/cms.soundme.app\/#website","url":"https:\/\/cms.soundme.app\/","name":"The International Institute for Justice and the Rule of Law","description":"Building the Capacity of Criminal Justice Practitioners","publisher":{"@id":"https:\/\/cms.soundme.app\/#organization"},"potentialAction":[{"@type":"SearchAction","target":{"@type":"EntryPoint","urlTemplate":"https:\/\/cms.soundme.app\/?s={search_term_string}"},"query-input":{"@type":"PropertyValueSpecification","valueRequired":true,"valueName":"search_term_string"}}],"inLanguage":"fr-FR"},{"@type":"Organization","@id":"https:\/\/cms.soundme.app\/#organization","name":"The International Institute for Justice and the Rule of Law","url":"https:\/\/cms.soundme.app\/","logo":{"@type":"ImageObject","inLanguage":"fr-FR","@id":"https:\/\/cms.soundme.app\/#\/schema\/logo\/image\/","url":"https:\/\/theiij.org\/wp-content\/uploads\/2024\/06\/IIJ-Logo.svg","contentUrl":"https:\/\/theiij.org\/wp-content\/uploads\/2024\/06\/IIJ-Logo.svg","caption":"The International Institute for Justice and the Rule of Law"},"image":{"@id":"https:\/\/cms.soundme.app\/#\/schema\/logo\/image\/"}}]}},"_links":{"self":[{"href":"https:\/\/theiij.org\/fr\/wp-json\/wp\/v2\/pages\/6205","targetHints":{"allow":["GET"]}}],"collection":[{"href":"https:\/\/theiij.org\/fr\/wp-json\/wp\/v2\/pages"}],"about":[{"href":"https:\/\/theiij.org\/fr\/wp-json\/wp\/v2\/types\/page"}],"author":[{"embeddable":true,"href":"https:\/\/theiij.org\/fr\/wp-json\/wp\/v2\/users\/184"}],"replies":[{"embeddable":true,"href":"https:\/\/theiij.org\/fr\/wp-json\/wp\/v2\/comments?post=6205"}],"version-history":[{"count":0,"href":"https:\/\/theiij.org\/fr\/wp-json\/wp\/v2\/pages\/6205\/revisions"}],"wp:attachment":[{"href":"https:\/\/theiij.org\/fr\/wp-json\/wp\/v2\/media?parent=6205"}],"curies":[{"name":"wp","href":"https:\/\/api.w.org\/{rel}","templated":true}]}}

Initiative de renforcement des capacités judiciaires

<p>Les acteurs judiciaires -soit les juges, les magistrats instructeurs, les procureurs et les avocats de la défense -jouent un rôle primordial dans la conduite de procès équitables, notamment en encourageant des poursuites solides, en veillant àce que les droits des accusés soient protégés et en prononçant des verdicts efficaces.</p>

<p>Les acteurs judiciaires -soit les juges, les magistrats instructeurs, les procureurs et les avocats de la défense -jouent un rôle primordial dans la conduite de procès équitables, notamment en encourageant des poursuites solides, en veillant àce&#8230;</p>

<!-- This site is optimized with the Yoast SEO plugin v26.5 - https://yoast.com/wordpress/plugins/seo/ -->
<title>Initiative de renforcement des capacités judiciaires - L&#039;Institut International pour La Justice et l&#039;Etat de Droit</title>
<meta name="robots" content="index, follow, max-snippet:-1, max-image-preview:large, max-video-preview:-1" />
<link rel="canonical" href="https://soundme.app/fr/judicial-capacity-building-initiative/" />
<meta property="og:locale" content="fr_FR" />
<meta property="og:type" content="article" />
<meta property="og:title" content="Initiative de renforcement des capacités judiciaires - L&#039;Institut International pour La Justice et l&#039;Etat de Droit" />
<meta property="og:description" content="Les acteurs judiciaires -soit les juges, les magistrats instructeurs, les procureurs et les avocats de la défense -jouent un rôle primordial dans la conduite de procès équitables, notamment en encourageant des poursuites solides, en veillant àce..." />
<meta property="og:url" content="https://soundme.app/fr/judicial-capacity-building-initiative/" />
<meta property="og:site_name" content="L&#039;Institut International pour La Justice et l&#039;Etat de Droit" />
<meta property="article:modified_time" content="2022-11-04T09:22:23+00:00" />
<meta name="twitter:card" content="summary_large_image" />
<meta name="twitter:label1" content="Durée de lecture estimée" />
	<meta name="twitter:data1" content="1 minute" />
<script type="application/ld+json" class="yoast-schema-graph">{"@context":"https://schema.org","@graph":[{"@type":"WebPage","@id":"https://soundme.app/fr/judicial-capacity-building-initiative/","url":"https://soundme.app/fr/judicial-capacity-building-initiative/","name":"Initiative de renforcement des capacités judiciaires - L&#039;Institut International pour La Justice et l&#039;Etat de Droit","isPartOf":{"@id":"https://cms.soundme.app/#website"},"datePublished":"2021-09-24T04:32:11+00:00","dateModified":"2022-11-04T09:22:23+00:00","breadcrumb":{"@id":"https://soundme.app/fr/judicial-capacity-building-initiative/#breadcrumb"},"inLanguage":"fr-FR","potentialAction":[{"@type":"ReadAction","target":["https://soundme.app/fr/judicial-capacity-building-initiative/"]}]},{"@type":"BreadcrumbList","@id":"https://soundme.app/fr/judicial-capacity-building-initiative/#breadcrumb","itemListElement":[{"@type":"ListItem","position":1,"name":"Home","item":"https://theiij.org/fr/"},{"@type":"ListItem","position":2,"name":"Initiative de renforcement des capacités judiciaires"}]},{"@type":"WebSite","@id":"https://cms.soundme.app/#website","url":"https://cms.soundme.app/","name":"The International Institute for Justice and the Rule of Law","description":"Building the Capacity of Criminal Justice Practitioners","publisher":{"@id":"https://cms.soundme.app/#organization"},"potentialAction":[{"@type":"SearchAction","target":{"@type":"EntryPoint","urlTemplate":"https://cms.soundme.app/?s={search_term_string}"},"query-input":{"@type":"PropertyValueSpecification","valueRequired":true,"valueName":"search_term_string"}}],"inLanguage":"fr-FR"},{"@type":"Organization","@id":"https://cms.soundme.app/#organization","name":"The International Institute for Justice and the Rule of Law","url":"https://cms.soundme.app/","logo":{"@type":"ImageObject","inLanguage":"fr-FR","@id":"https://cms.soundme.app/#/schema/logo/image/","url":"https://theiij.org/wp-content/uploads/2024/06/IIJ-Logo.svg","contentUrl":"https://theiij.org/wp-content/uploads/2024/06/IIJ-Logo.svg","caption":"The International Institute for Justice and the Rule of Law"},"image":{"@id":"https://cms.soundme.app/#/schema/logo/image/"}}]}</script>
<!-- / Yoast SEO plugin. -->

Initiative de renforcement des capacités judiciaires - L&#039;Institut International pour La Justice et l&#039;Etat de Droit

Les acteurs judiciaires -soit les juges, les magistrats instructeurs, les procureurs et les avocats de la défense -jouent un rôle primordial dans la conduite de procès équitables, notamment en encourageant des poursuites solides, en veillant àce...
