{"id":6222,"date":"2021-09-23T15:15:48","date_gmt":"2021-09-23T15:15:48","guid":{"rendered":"https:\/\/iij.fifthtribe.com\/global-central-authorities-initiative\/"},"modified":"2025-12-23T12:53:56","modified_gmt":"2025-12-23T11:53:56","slug":"global-central-authorities-initiative","status":"publish","type":"page","link":"https:\/\/theiij.org\/fr\/global-central-authorities-initiative\/","title":{"rendered":"Initiative mondiale des autorit\u00e9s centrales"},"content":{"rendered":"\n<p>En vertu de l\u2019initiative mondiale des autorit\u00e9s centrales, l\u2019IIJ travaille avec les autorit\u00e9s centrales -les entit\u00e9s nationales responsables de l\u2019assistance juridique mutuelle et de l\u2019extradition -et les parties prenantes de la justice p\u00e9nale aux niveaux national et r\u00e9gional pour soutenir leur r\u00f4le crucial dans la facilitation de la coop\u00e9ration judiciaire r\u00e9gionale et internationale dans les affaires de terrorisme et les affaires connexes.<\/p>\n","protected":false},"excerpt":{"rendered":"<p>En vertu de l\u2019initiative mondiale des autorit\u00e9s centrales, l\u2019IIJ travaille avec les autorit\u00e9s centrales -les entit\u00e9s nationales responsables de l\u2019assistance juridique mutuelle et de l\u2019extradition -et les parties prenantes de la justice p\u00e9nale aux niveaux national&#8230;<\/p>\n","protected":false},"author":184,"featured_media":0,"parent":0,"menu_order":0,"comment_status":"closed","ping_status":"closed","template":"templates\/page-builder.php","meta":{"_acf_changed":false,"footnotes":""},"class_list":["post-6222","page","type-page","status-publish","hentry"],"acf":[],"yoast_head":"<!-- This site is optimized with the Yoast SEO plugin v26.5 - https:\/\/yoast.com\/wordpress\/plugins\/seo\/ -->\n<title>Initiative mondiale des autorit\u00e9s centrales - L&#039;Institut International pour La Justice et l&#039;Etat de Droit<\/title>\n<meta name=\"robots\" content=\"index, follow, max-snippet:-1, max-image-preview:large, max-video-preview:-1\" \/>\n<link rel=\"canonical\" href=\"https:\/\/theiij.org\/fr\/global-central-authorities-initiative\/\" \/>\n<meta property=\"og:locale\" content=\"fr_FR\" \/>\n<meta property=\"og:type\" content=\"article\" \/>\n<meta property=\"og:title\" content=\"Initiative mondiale des autorit\u00e9s centrales - L&#039;Institut International pour La Justice et l&#039;Etat de Droit\" \/>\n<meta property=\"og:description\" content=\"En vertu de l\u2019initiative mondiale des autorit\u00e9s centrales, l\u2019IIJ travaille avec les autorit\u00e9s centrales -les entit\u00e9s nationales responsables de l\u2019assistance juridique mutuelle et de l\u2019extradition -et les parties prenantes de la justice p\u00e9nale aux niveaux national...\" \/>\n<meta property=\"og:url\" content=\"https:\/\/theiij.org\/fr\/global-central-authorities-initiative\/\" \/>\n<meta property=\"og:site_name\" content=\"L&#039;Institut International pour La Justice et l&#039;Etat de Droit\" \/>\n<meta property=\"article:modified_time\" content=\"2025-12-23T11:53:56+00:00\" \/>\n<meta name=\"twitter:card\" content=\"summary_large_image\" \/>\n<meta name=\"twitter:label1\" content=\"Dur\u00e9e de lecture estim\u00e9e\" \/>\n\t<meta name=\"twitter:data1\" content=\"1 minute\" \/>\n<script type=\"application\/ld+json\" class=\"yoast-schema-graph\">{\"@context\":\"https:\/\/schema.org\",\"@graph\":[{\"@type\":\"WebPage\",\"@id\":\"https:\/\/theiij.org\/fr\/global-central-authorities-initiative\/\",\"url\":\"https:\/\/theiij.org\/fr\/global-central-authorities-initiative\/\",\"name\":\"Initiative mondiale des autorit\u00e9s centrales - L&#039;Institut International pour La Justice et l&#039;Etat de Droit\",\"isPartOf\":{\"@id\":\"https:\/\/cms.soundme.app\/#website\"},\"datePublished\":\"2021-09-23T15:15:48+00:00\",\"dateModified\":\"2025-12-23T11:53:56+00:00\",\"breadcrumb\":{\"@id\":\"https:\/\/theiij.org\/fr\/global-central-authorities-initiative\/#breadcrumb\"},\"inLanguage\":\"fr-FR\",\"potentialAction\":[{\"@type\":\"ReadAction\",\"target\":[\"https:\/\/theiij.org\/fr\/global-central-authorities-initiative\/\"]}]},{\"@type\":\"BreadcrumbList\",\"@id\":\"https:\/\/theiij.org\/fr\/global-central-authorities-initiative\/#breadcrumb\",\"itemListElement\":[{\"@type\":\"ListItem\",\"position\":1,\"name\":\"Home\",\"item\":\"https:\/\/theiij.org\/fr\/\"},{\"@type\":\"ListItem\",\"position\":2,\"name\":\"Initiative mondiale des autorit\u00e9s centrales\"}]},{\"@type\":\"WebSite\",\"@id\":\"https:\/\/cms.soundme.app\/#website\",\"url\":\"https:\/\/cms.soundme.app\/\",\"name\":\"The International Institute for Justice and the Rule of Law\",\"description\":\"Building the Capacity of Criminal Justice Practitioners\",\"publisher\":{\"@id\":\"https:\/\/cms.soundme.app\/#organization\"},\"potentialAction\":[{\"@type\":\"SearchAction\",\"target\":{\"@type\":\"EntryPoint\",\"urlTemplate\":\"https:\/\/cms.soundme.app\/?s={search_term_string}\"},\"query-input\":{\"@type\":\"PropertyValueSpecification\",\"valueRequired\":true,\"valueName\":\"search_term_string\"}}],\"inLanguage\":\"fr-FR\"},{\"@type\":\"Organization\",\"@id\":\"https:\/\/cms.soundme.app\/#organization\",\"name\":\"The International Institute for Justice and the Rule of Law\",\"url\":\"https:\/\/cms.soundme.app\/\",\"logo\":{\"@type\":\"ImageObject\",\"inLanguage\":\"fr-FR\",\"@id\":\"https:\/\/cms.soundme.app\/#\/schema\/logo\/image\/\",\"url\":\"https:\/\/theiij.org\/wp-content\/uploads\/2024\/06\/IIJ-Logo.svg\",\"contentUrl\":\"https:\/\/theiij.org\/wp-content\/uploads\/2024\/06\/IIJ-Logo.svg\",\"caption\":\"The International Institute for Justice and the Rule of Law\"},\"image\":{\"@id\":\"https:\/\/cms.soundme.app\/#\/schema\/logo\/image\/\"}}]}<\/script>\n<!-- \/ Yoast SEO plugin. -->","yoast_head_json":{"title":"Initiative mondiale des autorit\u00e9s centrales - L&#039;Institut International pour La Justice et l&#039;Etat de Droit","robots":{"index":"index","follow":"follow","max-snippet":"max-snippet:-1","max-image-preview":"max-image-preview:large","max-video-preview":"max-video-preview:-1"},"canonical":"https:\/\/theiij.org\/fr\/global-central-authorities-initiative\/","og_locale":"fr_FR","og_type":"article","og_title":"Initiative mondiale des autorit\u00e9s centrales - L&#039;Institut International pour La Justice et l&#039;Etat de Droit","og_description":"En vertu de l\u2019initiative mondiale des autorit\u00e9s centrales, l\u2019IIJ travaille avec les autorit\u00e9s centrales -les entit\u00e9s nationales responsables de l\u2019assistance juridique mutuelle et de l\u2019extradition -et les parties prenantes de la justice p\u00e9nale aux niveaux national...","og_url":"https:\/\/theiij.org\/fr\/global-central-authorities-initiative\/","og_site_name":"L&#039;Institut International pour La Justice et l&#039;Etat de Droit","article_modified_time":"2025-12-23T11:53:56+00:00","twitter_card":"summary_large_image","twitter_misc":{"Dur\u00e9e de lecture estim\u00e9e":"1 minute"},"schema":{"@context":"https:\/\/schema.org","@graph":[{"@type":"WebPage","@id":"https:\/\/theiij.org\/fr\/global-central-authorities-initiative\/","url":"https:\/\/theiij.org\/fr\/global-central-authorities-initiative\/","name":"Initiative mondiale des autorit\u00e9s centrales - L&#039;Institut International pour La Justice et l&#039;Etat de Droit","isPartOf":{"@id":"https:\/\/cms.soundme.app\/#website"},"datePublished":"2021-09-23T15:15:48+00:00","dateModified":"2025-12-23T11:53:56+00:00","breadcrumb":{"@id":"https:\/\/theiij.org\/fr\/global-central-authorities-initiative\/#breadcrumb"},"inLanguage":"fr-FR","potentialAction":[{"@type":"ReadAction","target":["https:\/\/theiij.org\/fr\/global-central-authorities-initiative\/"]}]},{"@type":"BreadcrumbList","@id":"https:\/\/theiij.org\/fr\/global-central-authorities-initiative\/#breadcrumb","itemListElement":[{"@type":"ListItem","position":1,"name":"Home","item":"https:\/\/theiij.org\/fr\/"},{"@type":"ListItem","position":2,"name":"Initiative mondiale des autorit\u00e9s centrales"}]},{"@type":"WebSite","@id":"https:\/\/cms.soundme.app\/#website","url":"https:\/\/cms.soundme.app\/","name":"The International Institute for Justice and the Rule of Law","description":"Building the Capacity of Criminal Justice Practitioners","publisher":{"@id":"https:\/\/cms.soundme.app\/#organization"},"potentialAction":[{"@type":"SearchAction","target":{"@type":"EntryPoint","urlTemplate":"https:\/\/cms.soundme.app\/?s={search_term_string}"},"query-input":{"@type":"PropertyValueSpecification","valueRequired":true,"valueName":"search_term_string"}}],"inLanguage":"fr-FR"},{"@type":"Organization","@id":"https:\/\/cms.soundme.app\/#organization","name":"The International Institute for Justice and the Rule of Law","url":"https:\/\/cms.soundme.app\/","logo":{"@type":"ImageObject","inLanguage":"fr-FR","@id":"https:\/\/cms.soundme.app\/#\/schema\/logo\/image\/","url":"https:\/\/theiij.org\/wp-content\/uploads\/2024\/06\/IIJ-Logo.svg","contentUrl":"https:\/\/theiij.org\/wp-content\/uploads\/2024\/06\/IIJ-Logo.svg","caption":"The International Institute for Justice and the Rule of Law"},"image":{"@id":"https:\/\/cms.soundme.app\/#\/schema\/logo\/image\/"}}]}},"_links":{"self":[{"href":"https:\/\/theiij.org\/fr\/wp-json\/wp\/v2\/pages\/6222","targetHints":{"allow":["GET"]}}],"collection":[{"href":"https:\/\/theiij.org\/fr\/wp-json\/wp\/v2\/pages"}],"about":[{"href":"https:\/\/theiij.org\/fr\/wp-json\/wp\/v2\/types\/page"}],"author":[{"embeddable":true,"href":"https:\/\/theiij.org\/fr\/wp-json\/wp\/v2\/users\/184"}],"replies":[{"embeddable":true,"href":"https:\/\/theiij.org\/fr\/wp-json\/wp\/v2\/comments?post=6222"}],"version-history":[{"count":1,"href":"https:\/\/theiij.org\/fr\/wp-json\/wp\/v2\/pages\/6222\/revisions"}],"predecessor-version":[{"id":16423,"href":"https:\/\/theiij.org\/fr\/wp-json\/wp\/v2\/pages\/6222\/revisions\/16423"}],"wp:attachment":[{"href":"https:\/\/theiij.org\/fr\/wp-json\/wp\/v2\/media?parent=6222"}],"curies":[{"name":"wp","href":"https:\/\/api.w.org\/{rel}","templated":true}]}}

Initiative mondiale des autorités centrales

<p>En vertu de l’initiative mondiale des autorités centrales, l’IIJ travaille avec les autorités centrales -les entités nationales responsables de l’assistance juridique mutuelle et de l’extradition -et les parties prenantes de la justice pénale aux niveaux national et régional pour soutenir leur rôle crucial dans la facilitation de la coopération judiciaire régionale et internationale dans les affaires de terrorisme et les affaires connexes.</p>

<p>En vertu de l’initiative mondiale des autorités centrales, l’IIJ travaille avec les autorités centrales -les entités nationales responsables de l’assistance juridique mutuelle et de l’extradition -et les parties prenantes de la justice pénale aux niveaux national&#8230;</p>

<!-- This site is optimized with the Yoast SEO plugin v26.5 - https://yoast.com/wordpress/plugins/seo/ -->
<title>Initiative mondiale des autorités centrales - L&#039;Institut International pour La Justice et l&#039;Etat de Droit</title>
<meta name="robots" content="index, follow, max-snippet:-1, max-image-preview:large, max-video-preview:-1" />
<link rel="canonical" href="https://theiij.org/fr/global-central-authorities-initiative/" />
<meta property="og:locale" content="fr_FR" />
<meta property="og:type" content="article" />
<meta property="og:title" content="Initiative mondiale des autorités centrales - L&#039;Institut International pour La Justice et l&#039;Etat de Droit" />
<meta property="og:description" content="En vertu de l’initiative mondiale des autorités centrales, l’IIJ travaille avec les autorités centrales -les entités nationales responsables de l’assistance juridique mutuelle et de l’extradition -et les parties prenantes de la justice pénale aux niveaux national..." />
<meta property="og:url" content="https://theiij.org/fr/global-central-authorities-initiative/" />
<meta property="og:site_name" content="L&#039;Institut International pour La Justice et l&#039;Etat de Droit" />
<meta property="article:modified_time" content="2025-12-23T11:53:56+00:00" />
<meta name="twitter:card" content="summary_large_image" />
<meta name="twitter:label1" content="Durée de lecture estimée" />
	<meta name="twitter:data1" content="1 minute" />
<script type="application/ld+json" class="yoast-schema-graph">{"@context":"https://schema.org","@graph":[{"@type":"WebPage","@id":"https://theiij.org/fr/global-central-authorities-initiative/","url":"https://theiij.org/fr/global-central-authorities-initiative/","name":"Initiative mondiale des autorités centrales - L&#039;Institut International pour La Justice et l&#039;Etat de Droit","isPartOf":{"@id":"https://cms.soundme.app/#website"},"datePublished":"2021-09-23T15:15:48+00:00","dateModified":"2025-12-23T11:53:56+00:00","breadcrumb":{"@id":"https://theiij.org/fr/global-central-authorities-initiative/#breadcrumb"},"inLanguage":"fr-FR","potentialAction":[{"@type":"ReadAction","target":["https://theiij.org/fr/global-central-authorities-initiative/"]}]},{"@type":"BreadcrumbList","@id":"https://theiij.org/fr/global-central-authorities-initiative/#breadcrumb","itemListElement":[{"@type":"ListItem","position":1,"name":"Home","item":"https://theiij.org/fr/"},{"@type":"ListItem","position":2,"name":"Initiative mondiale des autorités centrales"}]},{"@type":"WebSite","@id":"https://cms.soundme.app/#website","url":"https://cms.soundme.app/","name":"The International Institute for Justice and the Rule of Law","description":"Building the Capacity of Criminal Justice Practitioners","publisher":{"@id":"https://cms.soundme.app/#organization"},"potentialAction":[{"@type":"SearchAction","target":{"@type":"EntryPoint","urlTemplate":"https://cms.soundme.app/?s={search_term_string}"},"query-input":{"@type":"PropertyValueSpecification","valueRequired":true,"valueName":"search_term_string"}}],"inLanguage":"fr-FR"},{"@type":"Organization","@id":"https://cms.soundme.app/#organization","name":"The International Institute for Justice and the Rule of Law","url":"https://cms.soundme.app/","logo":{"@type":"ImageObject","inLanguage":"fr-FR","@id":"https://cms.soundme.app/#/schema/logo/image/","url":"https://theiij.org/wp-content/uploads/2024/06/IIJ-Logo.svg","contentUrl":"https://theiij.org/wp-content/uploads/2024/06/IIJ-Logo.svg","caption":"The International Institute for Justice and the Rule of Law"},"image":{"@id":"https://cms.soundme.app/#/schema/logo/image/"}}]}</script>
<!-- / Yoast SEO plugin. -->

Initiative mondiale des autorités centrales - L&#039;Institut International pour La Justice et l&#039;Etat de Droit

En vertu de l’initiative mondiale des autorités centrales, l’IIJ travaille avec les autorités centrales -les entités nationales responsables de l’assistance juridique mutuelle et de l’extradition -et les parties prenantes de la justice pénale aux niveaux national...
