{"id":6227,"date":"2021-09-22T03:02:13","date_gmt":"2021-09-22T03:02:13","guid":{"rendered":"https:\/\/iij.fifthtribe.com\/rftfs-initiative\/"},"modified":"2021-11-10T11:22:10","modified_gmt":"2021-11-10T11:22:10","slug":"rftfs-initiative","status":"publish","type":"page","link":"https:\/\/theiij.org\/fr\/rftfs-initiative\/","title":{"rendered":"Initiative Retour des Combattant terroriste \u00e9tranger (CTE)"},"content":{"rendered":"\n<p>L&rsquo;Initiative relative au retour des combattants terroristes \u00e9trangers (CTE) d\u00e9veloppe une approche interinstitutionnelle afin de mobiliser diff\u00e9rentes disciplines pour traiter la question de la r\u00e9habilitation et de la r\u00e9int\u00e9gration des combattants terroristes.<\/p>\n","protected":false},"excerpt":{"rendered":"<p>L&rsquo;Initiative relative au retour des combattants terroristes \u00e9trangers (CTE) d\u00e9veloppe une approche interinstitutionnelle afin de mobiliser diff\u00e9rentes disciplines pour traiter la question de la r\u00e9habilitation et de la r\u00e9int\u00e9gration des combattants terroristes.<\/p>\n","protected":false},"author":184,"featured_media":0,"parent":0,"menu_order":0,"comment_status":"closed","ping_status":"closed","template":"templates\/page-builder.php","meta":{"_acf_changed":false,"footnotes":""},"class_list":["post-6227","page","type-page","status-publish","hentry"],"acf":[],"yoast_head":"<!-- This site is optimized with the Yoast SEO plugin v26.5 - https:\/\/yoast.com\/wordpress\/plugins\/seo\/ -->\n<title>Initiative Retour des Combattant terroriste \u00e9tranger (CTE) - L&#039;Institut International pour La Justice et l&#039;Etat de Droit<\/title>\n<meta name=\"robots\" content=\"index, follow, max-snippet:-1, max-image-preview:large, max-video-preview:-1\" \/>\n<link rel=\"canonical\" href=\"https:\/\/soundme.app\/fr\/rftfs-initiative\/\" \/>\n<meta property=\"og:locale\" content=\"fr_FR\" \/>\n<meta property=\"og:type\" content=\"article\" \/>\n<meta property=\"og:title\" content=\"Initiative Retour des Combattant terroriste \u00e9tranger (CTE) - L&#039;Institut International pour La Justice et l&#039;Etat de Droit\" \/>\n<meta property=\"og:description\" content=\"L&rsquo;Initiative relative au retour des combattants terroristes \u00e9trangers (CTE) d\u00e9veloppe une approche interinstitutionnelle afin de mobiliser diff\u00e9rentes disciplines pour traiter la question de la r\u00e9habilitation et de la r\u00e9int\u00e9gration des combattants terroristes.\" \/>\n<meta property=\"og:url\" content=\"https:\/\/soundme.app\/fr\/rftfs-initiative\/\" \/>\n<meta property=\"og:site_name\" content=\"L&#039;Institut International pour La Justice et l&#039;Etat de Droit\" \/>\n<meta property=\"article:modified_time\" content=\"2021-11-10T11:22:10+00:00\" \/>\n<meta name=\"twitter:card\" content=\"summary_large_image\" \/>\n<meta name=\"twitter:label1\" content=\"Dur\u00e9e de lecture estim\u00e9e\" \/>\n\t<meta name=\"twitter:data1\" content=\"1 minute\" \/>\n<script type=\"application\/ld+json\" class=\"yoast-schema-graph\">{\"@context\":\"https:\/\/schema.org\",\"@graph\":[{\"@type\":\"WebPage\",\"@id\":\"https:\/\/soundme.app\/fr\/rftfs-initiative\/\",\"url\":\"https:\/\/soundme.app\/fr\/rftfs-initiative\/\",\"name\":\"Initiative Retour des Combattant terroriste \u00e9tranger (CTE) - L&#039;Institut International pour La Justice et l&#039;Etat de Droit\",\"isPartOf\":{\"@id\":\"https:\/\/cms.soundme.app\/#website\"},\"datePublished\":\"2021-09-22T03:02:13+00:00\",\"dateModified\":\"2021-11-10T11:22:10+00:00\",\"breadcrumb\":{\"@id\":\"https:\/\/soundme.app\/fr\/rftfs-initiative\/#breadcrumb\"},\"inLanguage\":\"fr-FR\",\"potentialAction\":[{\"@type\":\"ReadAction\",\"target\":[\"https:\/\/soundme.app\/fr\/rftfs-initiative\/\"]}]},{\"@type\":\"BreadcrumbList\",\"@id\":\"https:\/\/soundme.app\/fr\/rftfs-initiative\/#breadcrumb\",\"itemListElement\":[{\"@type\":\"ListItem\",\"position\":1,\"name\":\"Home\",\"item\":\"https:\/\/theiij.org\/fr\/\"},{\"@type\":\"ListItem\",\"position\":2,\"name\":\"Initiative Retour des Combattant terroriste \u00e9tranger (CTE)\"}]},{\"@type\":\"WebSite\",\"@id\":\"https:\/\/cms.soundme.app\/#website\",\"url\":\"https:\/\/cms.soundme.app\/\",\"name\":\"The International Institute for Justice and the Rule of Law\",\"description\":\"Building the Capacity of Criminal Justice Practitioners\",\"publisher\":{\"@id\":\"https:\/\/cms.soundme.app\/#organization\"},\"potentialAction\":[{\"@type\":\"SearchAction\",\"target\":{\"@type\":\"EntryPoint\",\"urlTemplate\":\"https:\/\/cms.soundme.app\/?s={search_term_string}\"},\"query-input\":{\"@type\":\"PropertyValueSpecification\",\"valueRequired\":true,\"valueName\":\"search_term_string\"}}],\"inLanguage\":\"fr-FR\"},{\"@type\":\"Organization\",\"@id\":\"https:\/\/cms.soundme.app\/#organization\",\"name\":\"The International Institute for Justice and the Rule of Law\",\"url\":\"https:\/\/cms.soundme.app\/\",\"logo\":{\"@type\":\"ImageObject\",\"inLanguage\":\"fr-FR\",\"@id\":\"https:\/\/cms.soundme.app\/#\/schema\/logo\/image\/\",\"url\":\"https:\/\/theiij.org\/wp-content\/uploads\/2024\/06\/IIJ-Logo.svg\",\"contentUrl\":\"https:\/\/theiij.org\/wp-content\/uploads\/2024\/06\/IIJ-Logo.svg\",\"caption\":\"The International Institute for Justice and the Rule of Law\"},\"image\":{\"@id\":\"https:\/\/cms.soundme.app\/#\/schema\/logo\/image\/\"}}]}<\/script>\n<!-- \/ Yoast SEO plugin. -->","yoast_head_json":{"title":"Initiative Retour des Combattant terroriste \u00e9tranger (CTE) - L&#039;Institut International pour La Justice et l&#039;Etat de Droit","robots":{"index":"index","follow":"follow","max-snippet":"max-snippet:-1","max-image-preview":"max-image-preview:large","max-video-preview":"max-video-preview:-1"},"canonical":"https:\/\/soundme.app\/fr\/rftfs-initiative\/","og_locale":"fr_FR","og_type":"article","og_title":"Initiative Retour des Combattant terroriste \u00e9tranger (CTE) - L&#039;Institut International pour La Justice et l&#039;Etat de Droit","og_description":"L&rsquo;Initiative relative au retour des combattants terroristes \u00e9trangers (CTE) d\u00e9veloppe une approche interinstitutionnelle afin de mobiliser diff\u00e9rentes disciplines pour traiter la question de la r\u00e9habilitation et de la r\u00e9int\u00e9gration des combattants terroristes.","og_url":"https:\/\/soundme.app\/fr\/rftfs-initiative\/","og_site_name":"L&#039;Institut International pour La Justice et l&#039;Etat de Droit","article_modified_time":"2021-11-10T11:22:10+00:00","twitter_card":"summary_large_image","twitter_misc":{"Dur\u00e9e de lecture estim\u00e9e":"1 minute"},"schema":{"@context":"https:\/\/schema.org","@graph":[{"@type":"WebPage","@id":"https:\/\/soundme.app\/fr\/rftfs-initiative\/","url":"https:\/\/soundme.app\/fr\/rftfs-initiative\/","name":"Initiative Retour des Combattant terroriste \u00e9tranger (CTE) - L&#039;Institut International pour La Justice et l&#039;Etat de Droit","isPartOf":{"@id":"https:\/\/cms.soundme.app\/#website"},"datePublished":"2021-09-22T03:02:13+00:00","dateModified":"2021-11-10T11:22:10+00:00","breadcrumb":{"@id":"https:\/\/soundme.app\/fr\/rftfs-initiative\/#breadcrumb"},"inLanguage":"fr-FR","potentialAction":[{"@type":"ReadAction","target":["https:\/\/soundme.app\/fr\/rftfs-initiative\/"]}]},{"@type":"BreadcrumbList","@id":"https:\/\/soundme.app\/fr\/rftfs-initiative\/#breadcrumb","itemListElement":[{"@type":"ListItem","position":1,"name":"Home","item":"https:\/\/theiij.org\/fr\/"},{"@type":"ListItem","position":2,"name":"Initiative Retour des Combattant terroriste \u00e9tranger (CTE)"}]},{"@type":"WebSite","@id":"https:\/\/cms.soundme.app\/#website","url":"https:\/\/cms.soundme.app\/","name":"The International Institute for Justice and the Rule of Law","description":"Building the Capacity of Criminal Justice Practitioners","publisher":{"@id":"https:\/\/cms.soundme.app\/#organization"},"potentialAction":[{"@type":"SearchAction","target":{"@type":"EntryPoint","urlTemplate":"https:\/\/cms.soundme.app\/?s={search_term_string}"},"query-input":{"@type":"PropertyValueSpecification","valueRequired":true,"valueName":"search_term_string"}}],"inLanguage":"fr-FR"},{"@type":"Organization","@id":"https:\/\/cms.soundme.app\/#organization","name":"The International Institute for Justice and the Rule of Law","url":"https:\/\/cms.soundme.app\/","logo":{"@type":"ImageObject","inLanguage":"fr-FR","@id":"https:\/\/cms.soundme.app\/#\/schema\/logo\/image\/","url":"https:\/\/theiij.org\/wp-content\/uploads\/2024\/06\/IIJ-Logo.svg","contentUrl":"https:\/\/theiij.org\/wp-content\/uploads\/2024\/06\/IIJ-Logo.svg","caption":"The International Institute for Justice and the Rule of Law"},"image":{"@id":"https:\/\/cms.soundme.app\/#\/schema\/logo\/image\/"}}]}},"_links":{"self":[{"href":"https:\/\/theiij.org\/fr\/wp-json\/wp\/v2\/pages\/6227","targetHints":{"allow":["GET"]}}],"collection":[{"href":"https:\/\/theiij.org\/fr\/wp-json\/wp\/v2\/pages"}],"about":[{"href":"https:\/\/theiij.org\/fr\/wp-json\/wp\/v2\/types\/page"}],"author":[{"embeddable":true,"href":"https:\/\/theiij.org\/fr\/wp-json\/wp\/v2\/users\/184"}],"replies":[{"embeddable":true,"href":"https:\/\/theiij.org\/fr\/wp-json\/wp\/v2\/comments?post=6227"}],"version-history":[{"count":0,"href":"https:\/\/theiij.org\/fr\/wp-json\/wp\/v2\/pages\/6227\/revisions"}],"wp:attachment":[{"href":"https:\/\/theiij.org\/fr\/wp-json\/wp\/v2\/media?parent=6227"}],"curies":[{"name":"wp","href":"https:\/\/api.w.org\/{rel}","templated":true}]}}

Initiative Retour des Combattant terroriste étranger (CTE)

<p>L&rsquo;Initiative relative au retour des combattants terroristes étrangers (CTE) développe une approche interinstitutionnelle afin de mobiliser différentes disciplines pour traiter la question de la réhabilitation et de la réintégration des combattants terroristes.</p>

<!-- This site is optimized with the Yoast SEO plugin v26.5 - https://yoast.com/wordpress/plugins/seo/ -->
<title>Initiative Retour des Combattant terroriste étranger (CTE) - L&#039;Institut International pour La Justice et l&#039;Etat de Droit</title>
<meta name="robots" content="index, follow, max-snippet:-1, max-image-preview:large, max-video-preview:-1" />
<link rel="canonical" href="https://soundme.app/fr/rftfs-initiative/" />
<meta property="og:locale" content="fr_FR" />
<meta property="og:type" content="article" />
<meta property="og:title" content="Initiative Retour des Combattant terroriste étranger (CTE) - L&#039;Institut International pour La Justice et l&#039;Etat de Droit" />
<meta property="og:description" content="L&rsquo;Initiative relative au retour des combattants terroristes étrangers (CTE) développe une approche interinstitutionnelle afin de mobiliser différentes disciplines pour traiter la question de la réhabilitation et de la réintégration des combattants terroristes." />
<meta property="og:url" content="https://soundme.app/fr/rftfs-initiative/" />
<meta property="og:site_name" content="L&#039;Institut International pour La Justice et l&#039;Etat de Droit" />
<meta property="article:modified_time" content="2021-11-10T11:22:10+00:00" />
<meta name="twitter:card" content="summary_large_image" />
<meta name="twitter:label1" content="Durée de lecture estimée" />
	<meta name="twitter:data1" content="1 minute" />
<script type="application/ld+json" class="yoast-schema-graph">{"@context":"https://schema.org","@graph":[{"@type":"WebPage","@id":"https://soundme.app/fr/rftfs-initiative/","url":"https://soundme.app/fr/rftfs-initiative/","name":"Initiative Retour des Combattant terroriste étranger (CTE) - L&#039;Institut International pour La Justice et l&#039;Etat de Droit","isPartOf":{"@id":"https://cms.soundme.app/#website"},"datePublished":"2021-09-22T03:02:13+00:00","dateModified":"2021-11-10T11:22:10+00:00","breadcrumb":{"@id":"https://soundme.app/fr/rftfs-initiative/#breadcrumb"},"inLanguage":"fr-FR","potentialAction":[{"@type":"ReadAction","target":["https://soundme.app/fr/rftfs-initiative/"]}]},{"@type":"BreadcrumbList","@id":"https://soundme.app/fr/rftfs-initiative/#breadcrumb","itemListElement":[{"@type":"ListItem","position":1,"name":"Home","item":"https://theiij.org/fr/"},{"@type":"ListItem","position":2,"name":"Initiative Retour des Combattant terroriste étranger (CTE)"}]},{"@type":"WebSite","@id":"https://cms.soundme.app/#website","url":"https://cms.soundme.app/","name":"The International Institute for Justice and the Rule of Law","description":"Building the Capacity of Criminal Justice Practitioners","publisher":{"@id":"https://cms.soundme.app/#organization"},"potentialAction":[{"@type":"SearchAction","target":{"@type":"EntryPoint","urlTemplate":"https://cms.soundme.app/?s={search_term_string}"},"query-input":{"@type":"PropertyValueSpecification","valueRequired":true,"valueName":"search_term_string"}}],"inLanguage":"fr-FR"},{"@type":"Organization","@id":"https://cms.soundme.app/#organization","name":"The International Institute for Justice and the Rule of Law","url":"https://cms.soundme.app/","logo":{"@type":"ImageObject","inLanguage":"fr-FR","@id":"https://cms.soundme.app/#/schema/logo/image/","url":"https://theiij.org/wp-content/uploads/2024/06/IIJ-Logo.svg","contentUrl":"https://theiij.org/wp-content/uploads/2024/06/IIJ-Logo.svg","caption":"The International Institute for Justice and the Rule of Law"},"image":{"@id":"https://cms.soundme.app/#/schema/logo/image/"}}]}</script>
<!-- / Yoast SEO plugin. -->

Initiative Retour des Combattant terroriste étranger (CTE) - L&#039;Institut International pour La Justice et l&#039;Etat de Droit

L&rsquo;Initiative relative au retour des combattants terroristes étrangers (CTE) développe une approche interinstitutionnelle afin de mobiliser différentes disciplines pour traiter la question de la réhabilitation et de la réintégration des combattants terroristes.
