{"id":6356,"date":"2021-09-08T12:21:51","date_gmt":"2021-09-08T12:21:51","guid":{"rendered":"https:\/\/iij.fifthtribe.com\/admin-outreach\/"},"modified":"2022-05-18T11:26:38","modified_gmt":"2022-05-18T11:26:38","slug":"admin-outreach","status":"publish","type":"page","link":"https:\/\/theiij.org\/fr\/admin-outreach\/","title":{"rendered":"Administration et d\u00e9veloppement publiques"},"content":{"rendered":"\n<p>La mission de renforcement des capacit\u00e9s de l\u2019IIJ est appuy\u00e9e et facilit\u00e9e par le service d\u2019administration et de sensibilisation, avec un engagement in\u00e9branlable envers la responsabilit\u00e9, la qualit\u00e9 et l\u2019impact durable pour les praticiens que nous servons et les donateurs avec lesquels nous sommes en partenariat.<\/p>\n","protected":false},"excerpt":{"rendered":"<p>La mission de renforcement des capacit\u00e9s de l\u2019IIJ est appuy\u00e9e et facilit\u00e9e par le service d\u2019administration et de sensibilisation, avec un engagement in\u00e9branlable envers la responsabilit\u00e9, la qualit\u00e9 et l\u2019impact durable pour les praticiens que nous&#8230;<\/p>\n","protected":false},"author":184,"featured_media":0,"parent":0,"menu_order":0,"comment_status":"closed","ping_status":"closed","template":"templates\/page-builder.php","meta":{"_acf_changed":false,"footnotes":""},"class_list":["post-6356","page","type-page","status-publish","hentry"],"acf":[],"yoast_head":"<!-- This site is optimized with the Yoast SEO plugin v26.5 - https:\/\/yoast.com\/wordpress\/plugins\/seo\/ -->\n<title>Administration et d\u00e9veloppement publiques - L&#039;Institut International pour La Justice et l&#039;Etat de Droit<\/title>\n<meta name=\"robots\" content=\"index, follow, max-snippet:-1, max-image-preview:large, max-video-preview:-1\" \/>\n<link rel=\"canonical\" href=\"https:\/\/soundme.app\/fr\/admin-outreach\/\" \/>\n<meta property=\"og:locale\" content=\"fr_FR\" \/>\n<meta property=\"og:type\" content=\"article\" \/>\n<meta property=\"og:title\" content=\"Administration et d\u00e9veloppement publiques - L&#039;Institut International pour La Justice et l&#039;Etat de Droit\" \/>\n<meta property=\"og:description\" content=\"La mission de renforcement des capacit\u00e9s de l\u2019IIJ est appuy\u00e9e et facilit\u00e9e par le service d\u2019administration et de sensibilisation, avec un engagement in\u00e9branlable envers la responsabilit\u00e9, la qualit\u00e9 et l\u2019impact durable pour les praticiens que nous...\" \/>\n<meta property=\"og:url\" content=\"https:\/\/soundme.app\/fr\/admin-outreach\/\" \/>\n<meta property=\"og:site_name\" content=\"L&#039;Institut International pour La Justice et l&#039;Etat de Droit\" \/>\n<meta property=\"article:modified_time\" content=\"2022-05-18T11:26:38+00:00\" \/>\n<meta name=\"twitter:card\" content=\"summary_large_image\" \/>\n<meta name=\"twitter:label1\" content=\"Dur\u00e9e de lecture estim\u00e9e\" \/>\n\t<meta name=\"twitter:data1\" content=\"1 minute\" \/>\n<script type=\"application\/ld+json\" class=\"yoast-schema-graph\">{\"@context\":\"https:\/\/schema.org\",\"@graph\":[{\"@type\":\"WebPage\",\"@id\":\"https:\/\/soundme.app\/fr\/admin-outreach\/\",\"url\":\"https:\/\/soundme.app\/fr\/admin-outreach\/\",\"name\":\"Administration et d\u00e9veloppement publiques - L&#039;Institut International pour La Justice et l&#039;Etat de Droit\",\"isPartOf\":{\"@id\":\"https:\/\/cms.soundme.app\/#website\"},\"datePublished\":\"2021-09-08T12:21:51+00:00\",\"dateModified\":\"2022-05-18T11:26:38+00:00\",\"breadcrumb\":{\"@id\":\"https:\/\/soundme.app\/fr\/admin-outreach\/#breadcrumb\"},\"inLanguage\":\"fr-FR\",\"potentialAction\":[{\"@type\":\"ReadAction\",\"target\":[\"https:\/\/soundme.app\/fr\/admin-outreach\/\"]}]},{\"@type\":\"BreadcrumbList\",\"@id\":\"https:\/\/soundme.app\/fr\/admin-outreach\/#breadcrumb\",\"itemListElement\":[{\"@type\":\"ListItem\",\"position\":1,\"name\":\"Home\",\"item\":\"https:\/\/theiij.org\/fr\/\"},{\"@type\":\"ListItem\",\"position\":2,\"name\":\"Administration et d\u00e9veloppement publiques\"}]},{\"@type\":\"WebSite\",\"@id\":\"https:\/\/cms.soundme.app\/#website\",\"url\":\"https:\/\/cms.soundme.app\/\",\"name\":\"The International Institute for Justice and the Rule of Law\",\"description\":\"Building the Capacity of Criminal Justice Practitioners\",\"publisher\":{\"@id\":\"https:\/\/cms.soundme.app\/#organization\"},\"potentialAction\":[{\"@type\":\"SearchAction\",\"target\":{\"@type\":\"EntryPoint\",\"urlTemplate\":\"https:\/\/cms.soundme.app\/?s={search_term_string}\"},\"query-input\":{\"@type\":\"PropertyValueSpecification\",\"valueRequired\":true,\"valueName\":\"search_term_string\"}}],\"inLanguage\":\"fr-FR\"},{\"@type\":\"Organization\",\"@id\":\"https:\/\/cms.soundme.app\/#organization\",\"name\":\"The International Institute for Justice and the Rule of Law\",\"url\":\"https:\/\/cms.soundme.app\/\",\"logo\":{\"@type\":\"ImageObject\",\"inLanguage\":\"fr-FR\",\"@id\":\"https:\/\/cms.soundme.app\/#\/schema\/logo\/image\/\",\"url\":\"https:\/\/theiij.org\/wp-content\/uploads\/2024\/06\/IIJ-Logo.svg\",\"contentUrl\":\"https:\/\/theiij.org\/wp-content\/uploads\/2024\/06\/IIJ-Logo.svg\",\"caption\":\"The International Institute for Justice and the Rule of Law\"},\"image\":{\"@id\":\"https:\/\/cms.soundme.app\/#\/schema\/logo\/image\/\"}}]}<\/script>\n<!-- \/ Yoast SEO plugin. -->","yoast_head_json":{"title":"Administration et d\u00e9veloppement publiques - L&#039;Institut International pour La Justice et l&#039;Etat de Droit","robots":{"index":"index","follow":"follow","max-snippet":"max-snippet:-1","max-image-preview":"max-image-preview:large","max-video-preview":"max-video-preview:-1"},"canonical":"https:\/\/soundme.app\/fr\/admin-outreach\/","og_locale":"fr_FR","og_type":"article","og_title":"Administration et d\u00e9veloppement publiques - L&#039;Institut International pour La Justice et l&#039;Etat de Droit","og_description":"La mission de renforcement des capacit\u00e9s de l\u2019IIJ est appuy\u00e9e et facilit\u00e9e par le service d\u2019administration et de sensibilisation, avec un engagement in\u00e9branlable envers la responsabilit\u00e9, la qualit\u00e9 et l\u2019impact durable pour les praticiens que nous...","og_url":"https:\/\/soundme.app\/fr\/admin-outreach\/","og_site_name":"L&#039;Institut International pour La Justice et l&#039;Etat de Droit","article_modified_time":"2022-05-18T11:26:38+00:00","twitter_card":"summary_large_image","twitter_misc":{"Dur\u00e9e de lecture estim\u00e9e":"1 minute"},"schema":{"@context":"https:\/\/schema.org","@graph":[{"@type":"WebPage","@id":"https:\/\/soundme.app\/fr\/admin-outreach\/","url":"https:\/\/soundme.app\/fr\/admin-outreach\/","name":"Administration et d\u00e9veloppement publiques - L&#039;Institut International pour La Justice et l&#039;Etat de Droit","isPartOf":{"@id":"https:\/\/cms.soundme.app\/#website"},"datePublished":"2021-09-08T12:21:51+00:00","dateModified":"2022-05-18T11:26:38+00:00","breadcrumb":{"@id":"https:\/\/soundme.app\/fr\/admin-outreach\/#breadcrumb"},"inLanguage":"fr-FR","potentialAction":[{"@type":"ReadAction","target":["https:\/\/soundme.app\/fr\/admin-outreach\/"]}]},{"@type":"BreadcrumbList","@id":"https:\/\/soundme.app\/fr\/admin-outreach\/#breadcrumb","itemListElement":[{"@type":"ListItem","position":1,"name":"Home","item":"https:\/\/theiij.org\/fr\/"},{"@type":"ListItem","position":2,"name":"Administration et d\u00e9veloppement publiques"}]},{"@type":"WebSite","@id":"https:\/\/cms.soundme.app\/#website","url":"https:\/\/cms.soundme.app\/","name":"The International Institute for Justice and the Rule of Law","description":"Building the Capacity of Criminal Justice Practitioners","publisher":{"@id":"https:\/\/cms.soundme.app\/#organization"},"potentialAction":[{"@type":"SearchAction","target":{"@type":"EntryPoint","urlTemplate":"https:\/\/cms.soundme.app\/?s={search_term_string}"},"query-input":{"@type":"PropertyValueSpecification","valueRequired":true,"valueName":"search_term_string"}}],"inLanguage":"fr-FR"},{"@type":"Organization","@id":"https:\/\/cms.soundme.app\/#organization","name":"The International Institute for Justice and the Rule of Law","url":"https:\/\/cms.soundme.app\/","logo":{"@type":"ImageObject","inLanguage":"fr-FR","@id":"https:\/\/cms.soundme.app\/#\/schema\/logo\/image\/","url":"https:\/\/theiij.org\/wp-content\/uploads\/2024\/06\/IIJ-Logo.svg","contentUrl":"https:\/\/theiij.org\/wp-content\/uploads\/2024\/06\/IIJ-Logo.svg","caption":"The International Institute for Justice and the Rule of Law"},"image":{"@id":"https:\/\/cms.soundme.app\/#\/schema\/logo\/image\/"}}]}},"_links":{"self":[{"href":"https:\/\/theiij.org\/fr\/wp-json\/wp\/v2\/pages\/6356","targetHints":{"allow":["GET"]}}],"collection":[{"href":"https:\/\/theiij.org\/fr\/wp-json\/wp\/v2\/pages"}],"about":[{"href":"https:\/\/theiij.org\/fr\/wp-json\/wp\/v2\/types\/page"}],"author":[{"embeddable":true,"href":"https:\/\/theiij.org\/fr\/wp-json\/wp\/v2\/users\/184"}],"replies":[{"embeddable":true,"href":"https:\/\/theiij.org\/fr\/wp-json\/wp\/v2\/comments?post=6356"}],"version-history":[{"count":0,"href":"https:\/\/theiij.org\/fr\/wp-json\/wp\/v2\/pages\/6356\/revisions"}],"wp:attachment":[{"href":"https:\/\/theiij.org\/fr\/wp-json\/wp\/v2\/media?parent=6356"}],"curies":[{"name":"wp","href":"https:\/\/api.w.org\/{rel}","templated":true}]}}

Administration et développement publiques

<p>La mission de renforcement des capacités de l’IIJ est appuyée et facilitée par le service d’administration et de sensibilisation, avec un engagement inébranlable envers la responsabilité, la qualité et l’impact durable pour les praticiens que nous servons et les donateurs avec lesquels nous sommes en partenariat.</p>

<p>La mission de renforcement des capacités de l’IIJ est appuyée et facilitée par le service d’administration et de sensibilisation, avec un engagement inébranlable envers la responsabilité, la qualité et l’impact durable pour les praticiens que nous&#8230;</p>

<!-- This site is optimized with the Yoast SEO plugin v26.5 - https://yoast.com/wordpress/plugins/seo/ -->
<title>Administration et développement publiques - L&#039;Institut International pour La Justice et l&#039;Etat de Droit</title>
<meta name="robots" content="index, follow, max-snippet:-1, max-image-preview:large, max-video-preview:-1" />
<link rel="canonical" href="https://soundme.app/fr/admin-outreach/" />
<meta property="og:locale" content="fr_FR" />
<meta property="og:type" content="article" />
<meta property="og:title" content="Administration et développement publiques - L&#039;Institut International pour La Justice et l&#039;Etat de Droit" />
<meta property="og:description" content="La mission de renforcement des capacités de l’IIJ est appuyée et facilitée par le service d’administration et de sensibilisation, avec un engagement inébranlable envers la responsabilité, la qualité et l’impact durable pour les praticiens que nous..." />
<meta property="og:url" content="https://soundme.app/fr/admin-outreach/" />
<meta property="og:site_name" content="L&#039;Institut International pour La Justice et l&#039;Etat de Droit" />
<meta property="article:modified_time" content="2022-05-18T11:26:38+00:00" />
<meta name="twitter:card" content="summary_large_image" />
<meta name="twitter:label1" content="Durée de lecture estimée" />
	<meta name="twitter:data1" content="1 minute" />
<script type="application/ld+json" class="yoast-schema-graph">{"@context":"https://schema.org","@graph":[{"@type":"WebPage","@id":"https://soundme.app/fr/admin-outreach/","url":"https://soundme.app/fr/admin-outreach/","name":"Administration et développement publiques - L&#039;Institut International pour La Justice et l&#039;Etat de Droit","isPartOf":{"@id":"https://cms.soundme.app/#website"},"datePublished":"2021-09-08T12:21:51+00:00","dateModified":"2022-05-18T11:26:38+00:00","breadcrumb":{"@id":"https://soundme.app/fr/admin-outreach/#breadcrumb"},"inLanguage":"fr-FR","potentialAction":[{"@type":"ReadAction","target":["https://soundme.app/fr/admin-outreach/"]}]},{"@type":"BreadcrumbList","@id":"https://soundme.app/fr/admin-outreach/#breadcrumb","itemListElement":[{"@type":"ListItem","position":1,"name":"Home","item":"https://theiij.org/fr/"},{"@type":"ListItem","position":2,"name":"Administration et développement publiques"}]},{"@type":"WebSite","@id":"https://cms.soundme.app/#website","url":"https://cms.soundme.app/","name":"The International Institute for Justice and the Rule of Law","description":"Building the Capacity of Criminal Justice Practitioners","publisher":{"@id":"https://cms.soundme.app/#organization"},"potentialAction":[{"@type":"SearchAction","target":{"@type":"EntryPoint","urlTemplate":"https://cms.soundme.app/?s={search_term_string}"},"query-input":{"@type":"PropertyValueSpecification","valueRequired":true,"valueName":"search_term_string"}}],"inLanguage":"fr-FR"},{"@type":"Organization","@id":"https://cms.soundme.app/#organization","name":"The International Institute for Justice and the Rule of Law","url":"https://cms.soundme.app/","logo":{"@type":"ImageObject","inLanguage":"fr-FR","@id":"https://cms.soundme.app/#/schema/logo/image/","url":"https://theiij.org/wp-content/uploads/2024/06/IIJ-Logo.svg","contentUrl":"https://theiij.org/wp-content/uploads/2024/06/IIJ-Logo.svg","caption":"The International Institute for Justice and the Rule of Law"},"image":{"@id":"https://cms.soundme.app/#/schema/logo/image/"}}]}</script>
<!-- / Yoast SEO plugin. -->

Administration et développement publiques - L&#039;Institut International pour La Justice et l&#039;Etat de Droit

La mission de renforcement des capacités de l’IIJ est appuyée et facilitée par le service d’administration et de sensibilisation, avec un engagement inébranlable envers la responsabilité, la qualité et l’impact durable pour les praticiens que nous...
